{"id":10178,"date":"2021-10-02T19:04:22","date_gmt":"2021-10-02T17:04:22","guid":{"rendered":"https:\/\/mdw.ac.at\/altemusik\/?page_id=10178"},"modified":"2026-03-08T13:04:55","modified_gmt":"2026-03-08T12:04:55","slug":"christine-gnigler","status":"publish","type":"page","link":"https:\/\/mdw.ac.at\/altemusik\/lehrende\/christine-gnigler\/","title":{"rendered":"Christine GNIGLER"},"content":{"rendered":"<div class=\"flex_column av_two_third  flex_column_div av-zero-column-padding first  avia-builder-el-0  el_before_av_one_third  avia-builder-el-first  \" style='border-radius:0px; '><div class='avia-image-container  av-styling-    avia-builder-el-1  avia-builder-el-no-sibling   avia-align-center '  itemprop=\"image\" itemscope=\"itemscope\" itemtype=\"https:\/\/schema.org\/ImageObject\"  ><div class='avia-image-container-inner'><div class='avia-image-overlay-wrap'><img class='avia_image' src='https:\/\/mdw.ac.at\/altemusik\/blog2\/wp-content\/uploads\/2021\/10\/Gnigler_Christine-1030x1030.jpg' alt='' title='Gnigler_Christine' height=\"1030\" width=\"1030\"  itemprop=\"thumbnailUrl\"  \/><\/div><\/div><\/div><\/div>\n<div class=\"flex_column av_one_third  flex_column_div av-zero-column-padding   avia-builder-el-2  el_after_av_two_third  el_before_av_one_full  \" style='border-radius:0px; '><\/div>\n<div class=\"flex_column av_one_full  flex_column_div av-zero-column-padding first  avia-builder-el-3  el_after_av_one_third  el_before_av_one_full  column-top-margin\" style='border-radius:0px; '><p><div style='height:20px' class='hr hr-invisible   avia-builder-el-4  el_before_av_textblock  avia-builder-el-first  '><span class='hr-inner ' ><span class='hr-inner-style'><\/span><\/span><\/div><br \/>\n<section class=\"av_textblock_section \"  itemscope=\"itemscope\" itemtype=\"https:\/\/schema.org\/CreativeWork\" ><div class='avia_textblock  '   itemprop=\"text\" ><h2>Christine Gnigler<\/h2>\n<\/div><\/section><br \/>\n<section class=\"av_textblock_section \"  itemscope=\"itemscope\" itemtype=\"https:\/\/schema.org\/CreativeWork\" ><div class='avia_textblock  '   itemprop=\"text\" ><h5>Historische Fagottinstrumente (erg\u00e4nzendes Fach)<\/h5>\n<\/div><\/section><br \/>\n<div style='height:20px' class='hr hr-invisible   avia-builder-el-7  el_after_av_textblock  el_before_av_textblock  '><span class='hr-inner ' ><span class='hr-inner-style'><\/span><\/span><\/div><br \/>\n<section class=\"av_textblock_section \"  itemscope=\"itemscope\" itemtype=\"https:\/\/schema.org\/CreativeWork\" ><div class='avia_textblock  '   itemprop=\"text\" ><p>Christine Gnigler studierte Blockfl\u00f6te bei Thomas List sowie historische Fagottinstrumente bei Jennifer Harris.<\/p>\n<p>Neben fr\u00fchbarocker, hochbarocker und klassischer Musik erstreckt sich ihr musikalisches Metier auch \u00fcber zeitgen\u00f6ssische und improvisierte Musik. Derzeit konzertiert sie prim\u00e4r mit dem Vivid Consort und dem Ensemble Pneuma und ist regelm\u00e4\u00dfig als Fagottistin in diversen klassischen oder barocken Opern- und Konzertproduktionen im In- und Ausland zu h\u00f6ren.<\/p>\n<p>Konzertante T\u00e4tigkeiten f\u00fchrten sie durch Europa sowie\u00a0nach S\u00fcdafrika, Japan, Taiwan und\u00a0in den Iran. Sie trat bei Festivals wie Zoomfestival Wien, Wien Modern, Utrecht Early Music Festival, Bach Festival Luzern, Istanbul Music Festival und Heidelberger Fr\u00fchling auf.<\/p>\n<p>2016 rief sie die <em>Open Stage f\u00fcr Alte Musik Wien<\/em> ins Leben, eine Plattform f\u00fcr aktuelle alte Musik und deren Interpret*innen.<\/p>\n<p>Ihre j\u00fcngste Komposition <em>Close enough to exist apart <\/em>ist auf der CD <em>Fraufeld Vol.1 <\/em>zu h\u00f6ren, die auf dem Label Freifeld erschien. Ebenfalls auf dem Label Freifeld erschien die Deb\u00fct-CD <em>Bitter Fruit <\/em>des Vivid Consort.<\/p>\n<p>Sowohl mit Vivid Consort wie auch mit Ensemble Pneuma ist sie Stipendiatin des <em>New Austrian Sound of Music<\/em>-Programms.<\/p>\n<\/div><\/section><\/p><\/div><div class=\"flex_column av_one_full  flex_column_div av-zero-column-padding first  avia-builder-el-9  el_after_av_one_full  avia-builder-el-last  column-top-margin\" style='border-radius:0px; '><div class='avia-buttonrow-wrap avia-buttonrow-right   avia-builder-el-10  avia-builder-el-no-sibling  '>\n<a href='https:\/\/online.mdw.ac.at\/mdw_online\/pl\/ui\/$ctx\/visitenkarte.show_vcard?pPersonenId=31443DFD9DC1F9C8&pPersonenGruppe=3'  class='avia-button  avia-icon_select-no avia-color-theme-color avia-size-small '  target=\"_blank\"  style='margin-bottom:5px; margin-left:5px; ' ><span class='avia_iconbox_title' >Visitenkarte<\/span><\/a>\n<a href='https:\/\/online.mdw.ac.at\/mdw_online\/pl\/ui\/$ctx\/wblvangebot.wbshowlvoffer?ppersonnr=38389'  class='avia-button  avia-icon_select-no avia-color-theme-color avia-size-small '  target=\"_blank\"  style='margin-bottom:5px; margin-left:5px; ' ><span class='avia_iconbox_title' >Lehrveranstaltungen<\/span><\/a>\n<\/div><\/div><\/p>\n","protected":false},"excerpt":{"rendered":"","protected":false},"author":1,"featured_media":0,"parent":257,"menu_order":0,"comment_status":"closed","ping_status":"closed","template":"","meta":{"_price":"","_stock":"","_tribe_ticket_header":"","_tribe_default_ticket_provider":"","_tribe_ticket_capacity":"","_ticket_start_date":"","_ticket_end_date":"","_tribe_ticket_show_description":"","_tribe_ticket_show_not_going":false,"_tribe_ticket_use_global_stock":"","_tribe_ticket_global_stock_level":"","_global_stock_mode":"","_global_stock_cap":"","_tribe_rsvp_for_event":"","_tribe_ticket_going_count":"","_tribe_ticket_not_going_count":"","_tribe_tickets_list":"[]","_tribe_ticket_has_attendee_info_fields":false,"footnotes":""},"class_list":["post-10178","page","type-page","status-publish","hentry"],"_links":{"self":[{"href":"https:\/\/mdw.ac.at\/altemusik\/wp-json\/wp\/v2\/pages\/10178","targetHints":{"allow":["GET"]}}],"collection":[{"href":"https:\/\/mdw.ac.at\/altemusik\/wp-json\/wp\/v2\/pages"}],"about":[{"href":"https:\/\/mdw.ac.at\/altemusik\/wp-json\/wp\/v2\/types\/page"}],"author":[{"embeddable":true,"href":"https:\/\/mdw.ac.at\/altemusik\/wp-json\/wp\/v2\/users\/1"}],"replies":[{"embeddable":true,"href":"https:\/\/mdw.ac.at\/altemusik\/wp-json\/wp\/v2\/comments?post=10178"}],"version-history":[{"count":9,"href":"https:\/\/mdw.ac.at\/altemusik\/wp-json\/wp\/v2\/pages\/10178\/revisions"}],"predecessor-version":[{"id":18886,"href":"https:\/\/mdw.ac.at\/altemusik\/wp-json\/wp\/v2\/pages\/10178\/revisions\/18886"}],"up":[{"embeddable":true,"href":"https:\/\/mdw.ac.at\/altemusik\/wp-json\/wp\/v2\/pages\/257"}],"wp:attachment":[{"href":"https:\/\/mdw.ac.at\/altemusik\/wp-json\/wp\/v2\/media?parent=10178"}],"curies":[{"name":"wp","href":"https:\/\/api.w.org\/{rel}","templated":true}]}}