{"id":1098,"date":"2019-07-13T12:25:08","date_gmt":"2019-07-13T10:25:08","guid":{"rendered":"https:\/\/www.mdw.ac.at\/altemusik\/?page_id=1098"},"modified":"2019-09-03T13:09:56","modified_gmt":"2019-09-03T11:09:56","slug":"collegium-musicum","status":"publish","type":"page","link":"https:\/\/mdw.ac.at\/altemusik\/das-institut\/collegium-musicum\/","title":{"rendered":"Collegium Musicum"},"content":{"rendered":"<div class=\"flex_column av_one_full  av-hide-on-mobile  flex_column_div av-zero-column-padding first  avia-builder-el-0  el_before_av_hr  avia-builder-el-first   \" style='border-radius:0px; '><div class='avia-gallery  avia-gallery-1 deactivate_avia_lazyload avia-gallery-animate avia_animate_when_visible  avia-builder-el-1  avia-builder-el-no-sibling  '  itemprop=\"image\" itemscope=\"itemscope\" itemtype=\"https:\/\/schema.org\/ImageObject\" ><div class='avia-gallery-thumb'> <a href='https:\/\/mdw.ac.at\/altemusik\/blog2\/wp-content\/uploads\/2019\/08\/baschenis-1.jpg' data-rel=\"lightbox-image-Z2FsbGVyeS0x\" data-rl_title=\"\" data-rl_caption=\"\" data-prev-img='https:\/\/mdw.ac.at\/altemusik\/blog2\/wp-content\/uploads\/2019\/08\/baschenis-1-495x400.jpg' class='first_thumb lightbox ' data-onclick='1' title=''  itemprop=\"thumbnailUrl\" ><img  src='https:\/\/mdw.ac.at\/altemusik\/blog2\/wp-content\/uploads\/2019\/08\/baschenis-1-260x185.jpg' width='260' height='185'  title='baschenis' alt='' \/><\/a> <a href='https:\/\/mdw.ac.at\/altemusik\/blog2\/wp-content\/uploads\/2019\/08\/Arcangelo_Corelli_regendo_uma_serenata_na_Piazza_di_Spagna-1030x707.jpg' data-rel=\"lightbox-image-Z2FsbGVyeS0x\" data-rl_title=\"\" data-rl_caption=\"\" data-prev-img='https:\/\/mdw.ac.at\/altemusik\/blog2\/wp-content\/uploads\/2019\/08\/Arcangelo_Corelli_regendo_uma_serenata_na_Piazza_di_Spagna-495x400.jpg' class='lightbox ' data-onclick='2' title=''  itemprop=\"thumbnailUrl\" ><img  src='https:\/\/mdw.ac.at\/altemusik\/blog2\/wp-content\/uploads\/2019\/08\/Arcangelo_Corelli_regendo_uma_serenata_na_Piazza_di_Spagna-260x185.jpg' width='260' height='185'  title='Arcangelo_Corelli_regendo_uma_serenata_na_Piazza_di_Spagna' alt='' \/><\/a> <a href='https:\/\/mdw.ac.at\/altemusik\/blog2\/wp-content\/uploads\/2019\/08\/Evaristo_Baschenis_-_Still-life_with_Musical_Instruments_-_WGA01408.jpg' data-rel=\"lightbox-image-Z2FsbGVyeS0x\" data-rl_title=\"\" data-rl_caption=\"\" data-prev-img='https:\/\/mdw.ac.at\/altemusik\/blog2\/wp-content\/uploads\/2019\/08\/Evaristo_Baschenis_-_Still-life_with_Musical_Instruments_-_WGA01408-495x400.jpg' class='lightbox ' data-onclick='3' title=''  itemprop=\"thumbnailUrl\" ><img  src='https:\/\/mdw.ac.at\/altemusik\/blog2\/wp-content\/uploads\/2019\/08\/Evaristo_Baschenis_-_Still-life_with_Musical_Instruments_-_WGA01408-260x185.jpg' width='260' height='185'  title='' alt='' \/><\/a><\/div><\/div><\/div>\n<div style='height:50px' class='hr hr-invisible   avia-builder-el-2  el_after_av_one_full  el_before_av_textblock  '><span class='hr-inner ' ><span class='hr-inner-style'><\/span><\/span><\/div>\n<section class=\"av_textblock_section \"  itemscope=\"itemscope\" itemtype=\"https:\/\/schema.org\/CreativeWork\" ><div class='avia_textblock  '   itemprop=\"text\" ><h2>Collegium Musicum<\/h2>\n<\/div><\/section>\n<div style='height:20px' class='hr hr-invisible   avia-builder-el-4  el_after_av_textblock  el_before_av_textblock  '><span class='hr-inner ' ><span class='hr-inner-style'><\/span><\/span><\/div>\n<section class=\"av_textblock_section \"  itemscope=\"itemscope\" itemtype=\"https:\/\/schema.org\/CreativeWork\" ><div class='avia_textblock  '   itemprop=\"text\" ><p>Das Collegium musicum der mdw-Universit\u00e4t f\u00fcr Musik und darstellende Kunst Wien ist eine aus dem Stilunterricht der seit 2004 neu bestehenden Lehrkanzel f\u00fcr Historische Musikpraxis unter der Leitung von Ingomar Rainer hervorgegangene Kammermusikvereinigung aus Studierenden, AbsolventInnen und Lehrenden, die sich unter anderem bem\u00fcht, auch barocke Instrumente aus dem Besitz der Universit\u00e4t fach- und stilgerecht mit der entsprechenden Musik zum Klingen zu bringen. Das Ensemble musizierte in verschiedensten Besetzungen &#8211; auf alten und modernen Instrumenten &#8211; zu mannigfaltigen Gelegenheiten, mit Opernproduktionen im Sch\u00f6nbrunner Schlosstheater, mit eigenen Programmen in den neuen S\u00e4len des Musikvereins, im Stephansdom, im Palais Liechtenstein u.a.<\/p>\n<\/div><\/section>\n","protected":false},"excerpt":{"rendered":"","protected":false},"author":1,"featured_media":0,"parent":1147,"menu_order":0,"comment_status":"closed","ping_status":"closed","template":"","meta":{"_price":"","_stock":"","_tribe_ticket_header":"","_tribe_default_ticket_provider":"","_tribe_ticket_capacity":"","_ticket_start_date":"","_ticket_end_date":"","_tribe_ticket_show_description":"","_tribe_ticket_show_not_going":false,"_tribe_ticket_use_global_stock":"","_tribe_ticket_global_stock_level":"","_global_stock_mode":"","_global_stock_cap":"","_tribe_rsvp_for_event":"","_tribe_ticket_going_count":"","_tribe_ticket_not_going_count":"","_tribe_tickets_list":"[]","_tribe_ticket_has_attendee_info_fields":false,"footnotes":""},"class_list":["post-1098","page","type-page","status-publish","hentry"],"_links":{"self":[{"href":"https:\/\/mdw.ac.at\/altemusik\/wp-json\/wp\/v2\/pages\/1098","targetHints":{"allow":["GET"]}}],"collection":[{"href":"https:\/\/mdw.ac.at\/altemusik\/wp-json\/wp\/v2\/pages"}],"about":[{"href":"https:\/\/mdw.ac.at\/altemusik\/wp-json\/wp\/v2\/types\/page"}],"author":[{"embeddable":true,"href":"https:\/\/mdw.ac.at\/altemusik\/wp-json\/wp\/v2\/users\/1"}],"replies":[{"embeddable":true,"href":"https:\/\/mdw.ac.at\/altemusik\/wp-json\/wp\/v2\/comments?post=1098"}],"version-history":[{"count":19,"href":"https:\/\/mdw.ac.at\/altemusik\/wp-json\/wp\/v2\/pages\/1098\/revisions"}],"predecessor-version":[{"id":4473,"href":"https:\/\/mdw.ac.at\/altemusik\/wp-json\/wp\/v2\/pages\/1098\/revisions\/4473"}],"up":[{"embeddable":true,"href":"https:\/\/mdw.ac.at\/altemusik\/wp-json\/wp\/v2\/pages\/1147"}],"wp:attachment":[{"href":"https:\/\/mdw.ac.at\/altemusik\/wp-json\/wp\/v2\/media?parent=1098"}],"curies":[{"name":"wp","href":"https:\/\/api.w.org\/{rel}","templated":true}]}}