{"id":13116,"date":"2023-01-14T12:51:57","date_gmt":"2023-01-14T11:51:57","guid":{"rendered":"https:\/\/mdw.ac.at\/altemusik\/?page_id=13116"},"modified":"2026-02-25T10:45:14","modified_gmt":"2026-02-25T09:45:14","slug":"mdw-barockorchester","status":"publish","type":"page","link":"https:\/\/mdw.ac.at\/altemusik\/das-institut\/mdw-barockorchester\/","title":{"rendered":"mdw Barockorchester"},"content":{"rendered":"<div class=\"flex_column av_three_fourth  av-hide-on-mobile  flex_column_div av-zero-column-padding first  avia-builder-el-0  el_before_av_one_full  avia-builder-el-first   \" style='border-radius:0px; '><div class='avia-image-container  av-styling-    avia-builder-el-1  avia-builder-el-no-sibling   avia-align-center '  itemprop=\"image\" itemscope=\"itemscope\" itemtype=\"https:\/\/schema.org\/ImageObject\"  ><div class='avia-image-container-inner'><div class='avia-image-overlay-wrap'><img class='avia_image' src='https:\/\/mdw.ac.at\/altemusik\/blog2\/wp-content\/uploads\/2023\/01\/Arcangelo_Corelli_regendo_uma_serenata_na_Piazza_di_Spagna.jpg' alt='' title='Arcangelo_Corelli_regendo_uma_serenata_na_Piazza_di_Spagna' height=\"885\" width=\"1290\"  itemprop=\"thumbnailUrl\"  \/><\/div><\/div><\/div><\/div>\n<div class=\"flex_column av_one_full  flex_column_div av-zero-column-padding first  avia-builder-el-2  el_after_av_three_fourth  el_before_av_hr  column-top-margin\" style='border-radius:0px; '><section class=\"av_textblock_section \"  itemscope=\"itemscope\" itemtype=\"https:\/\/schema.org\/CreativeWork\" ><div class='avia_textblock  '   itemprop=\"text\" ><h1>mdw Barockorchester<\/h1>\n<\/div><\/section><br \/>\n<div style='height:10px' class='hr hr-invisible   avia-builder-el-4  el_after_av_textblock  el_before_av_textblock  '><span class='hr-inner ' ><span class='hr-inner-style'><\/span><\/span><\/div><br \/>\n<section class=\"av_textblock_section \"  itemscope=\"itemscope\" itemtype=\"https:\/\/schema.org\/CreativeWork\" ><div class='avia_textblock  '   itemprop=\"text\" ><div dir=\"ltr\">\n<p dir=\"ltr\">Das mdw Barockorchester setzt sich aus Studierenden und Lehrenden des Instituts f\u00fcr Alte Musik der Universit\u00e4t f\u00fcr Musik und darstellende Kunst Wien zusammen. Das noch junge Institut, das 2020 gegr\u00fcndet wurde, versucht dabei, theoretische Kenntnisse \u00fcber historische Auff\u00fchrungspraxis und Spieltechniken auf kreative und lebendige Weise umzusetzen. Daf\u00fcr stehen den Musikerinnen und Musikern Originalinstrumente des 17. und 18. Jahrhunderts sowie Nachbauten zur Verf\u00fcgung. Das Repertoire umfasst Oper, Konzert und Kirchenmusik. Seit der Institutsgr\u00fcndung standen u.a. Szenen aus J.-B. Lullys \u201eLe Bourgeois gentilhomme\u201c, H. Purcells \u201eDido and Aeneas\u201c und G.F. H\u00e4ndels \u201eRodelinda\u201c (im Schlosstheater Sch\u00f6nbrunn) auf dem Programm. Von J.S. Bach musizierte das Orchester beim Institutsfestival \u201eMaiMusik\u201c Kantaten und Brandenburgische Konzerte sowie die \u201eJohannespassion\u201c in der Jesuitenkirche.<\/p>\n<\/div>\n<\/div><\/section><\/p><\/div><div  class='hr hr-default   avia-builder-el-6  el_after_av_one_full  el_before_av_textblock  '><span class='hr-inner ' ><span class='hr-inner-style'><\/span><\/span><\/div><\/p>\n<section class=\"av_textblock_section \"  itemscope=\"itemscope\" itemtype=\"https:\/\/schema.org\/CreativeWork\" ><div class='avia_textblock  '   itemprop=\"text\" ><h2>Kommende Termine<\/h2>\n<\/div><\/section>\n<div style='height:30px' class='hr hr-invisible   avia-builder-el-8  el_after_av_textblock  el_before_av_upcoming_events  '><span class='hr-inner ' ><span class='hr-inner-style'><\/span><\/span><\/div>\n\n","protected":false},"excerpt":{"rendered":"","protected":false},"author":1,"featured_media":13117,"parent":1147,"menu_order":0,"comment_status":"closed","ping_status":"closed","template":"","meta":{"_price":"","_stock":"","_tribe_ticket_header":"","_tribe_default_ticket_provider":"","_tribe_ticket_capacity":"","_ticket_start_date":"","_ticket_end_date":"","_tribe_ticket_show_description":"","_tribe_ticket_show_not_going":false,"_tribe_ticket_use_global_stock":"","_tribe_ticket_global_stock_level":"","_global_stock_mode":"","_global_stock_cap":"","_tribe_rsvp_for_event":"","_tribe_ticket_going_count":"","_tribe_ticket_not_going_count":"","_tribe_tickets_list":"[]","_tribe_ticket_has_attendee_info_fields":false,"footnotes":""},"class_list":["post-13116","page","type-page","status-publish","has-post-thumbnail","hentry"],"_links":{"self":[{"href":"https:\/\/mdw.ac.at\/altemusik\/wp-json\/wp\/v2\/pages\/13116","targetHints":{"allow":["GET"]}}],"collection":[{"href":"https:\/\/mdw.ac.at\/altemusik\/wp-json\/wp\/v2\/pages"}],"about":[{"href":"https:\/\/mdw.ac.at\/altemusik\/wp-json\/wp\/v2\/types\/page"}],"author":[{"embeddable":true,"href":"https:\/\/mdw.ac.at\/altemusik\/wp-json\/wp\/v2\/users\/1"}],"replies":[{"embeddable":true,"href":"https:\/\/mdw.ac.at\/altemusik\/wp-json\/wp\/v2\/comments?post=13116"}],"version-history":[{"count":11,"href":"https:\/\/mdw.ac.at\/altemusik\/wp-json\/wp\/v2\/pages\/13116\/revisions"}],"predecessor-version":[{"id":18457,"href":"https:\/\/mdw.ac.at\/altemusik\/wp-json\/wp\/v2\/pages\/13116\/revisions\/18457"}],"up":[{"embeddable":true,"href":"https:\/\/mdw.ac.at\/altemusik\/wp-json\/wp\/v2\/pages\/1147"}],"wp:featuredmedia":[{"embeddable":true,"href":"https:\/\/mdw.ac.at\/altemusik\/wp-json\/wp\/v2\/media\/13117"}],"wp:attachment":[{"href":"https:\/\/mdw.ac.at\/altemusik\/wp-json\/wp\/v2\/media?parent=13116"}],"curies":[{"name":"wp","href":"https:\/\/api.w.org\/{rel}","templated":true}]}}