{"id":14211,"date":"2023-10-05T13:42:35","date_gmt":"2023-10-05T11:42:35","guid":{"rendered":"https:\/\/mdw.ac.at\/altemusik\/?page_id=14211"},"modified":"2026-03-08T13:01:10","modified_gmt":"2026-03-08T12:01:10","slug":"clive-brown","status":"publish","type":"page","link":"https:\/\/mdw.ac.at\/altemusik\/lehrende\/clive-brown\/","title":{"rendered":"Clive BROWN (Inst. 7)"},"content":{"rendered":"<div class=\"flex_column av_two_third  flex_column_div av-zero-column-padding first  avia-builder-el-0  el_before_av_one_third  avia-builder-el-first  \" style='border-radius:0px; '><div class='avia-image-container  av-styling-    avia-builder-el-1  avia-builder-el-no-sibling   avia-align-center '  itemprop=\"image\" itemscope=\"itemscope\" itemtype=\"https:\/\/schema.org\/ImageObject\"  ><div class='avia-image-container-inner'><div class='avia-image-overlay-wrap'><a href=\"https:\/\/mdw.ac.at\/altemusik\/blog2\/wp-content\/uploads\/2023\/10\/Clive-Brown-1030x781.jpg\" class='avia_image'   data-rel=\"lightbox-image-0\" data-rl_title=\"\" data-rl_caption=\"\"><img class='avia_image ' src='https:\/\/mdw.ac.at\/altemusik\/blog2\/wp-content\/uploads\/2023\/10\/Clive-Brown-1030x781.jpg' alt='' title=''  itemprop=\"thumbnailUrl\"  \/><\/a><\/div><\/div><\/div><\/div>\n<div class=\"flex_column av_one_third  flex_column_div av-zero-column-padding   avia-builder-el-2  el_after_av_two_third  el_before_av_one_full  \" style='border-radius:0px; '><\/div>\n<div class=\"flex_column av_one_full  flex_column_div av-zero-column-padding first  avia-builder-el-3  el_after_av_one_third  el_before_av_one_full  column-top-margin\" style='border-radius:0px; '><section class=\"av_textblock_section \"  itemscope=\"itemscope\" itemtype=\"https:\/\/schema.org\/CreativeWork\" ><div class='avia_textblock  '   itemprop=\"text\" ><h2>Clive BROWN (Inst. 7)<\/h2>\n<\/div><\/section><br \/>\n<section class=\"av_textblock_section \"  itemscope=\"itemscope\" itemtype=\"https:\/\/schema.org\/CreativeWork\" ><div class='avia_textblock  '   itemprop=\"text\" ><h5>Historische Auff\u00fchrungspraxis<\/h5>\n<\/div><\/section><br \/>\n<div style='height:20px' class='hr hr-invisible   avia-builder-el-6  el_after_av_textblock  el_before_av_textblock  '><span class='hr-inner ' ><span class='hr-inner-style'><\/span><\/span><\/div><br \/>\n<section class=\"av_textblock_section \"  itemscope=\"itemscope\" itemtype=\"https:\/\/schema.org\/CreativeWork\" ><div class='avia_textblock  '   itemprop=\"text\" ><p>Clive Brown war zwischen 1980-1991 Dozent an der Oxford University und anschlie\u00dfend Professor of Applied Musicology (jetzt Emeritus Professor) an der University of Leeds.<\/p>\n<p>Seine Monographie beinhaltet: \u201eLouis Spohr &#8211; A Critical Biography\u201c (Cambridge 1984 &#8211; revidierte deutsche Ausgabe \u201eLouis Spohr &#8211; Eine kritische Biographie\u201c 2009), \u201eClassical and Romantic Performing Practice\u201c (Oxford 1999 &#8211; chinesiche \u00dcbersetzung 2012) und \u201eA Portrait of Mendelssohn\u201c (Yale 2003).<\/p>\n<p>Brown ver\u00f6ffentlichte zus\u00e4tzlich eine Vielzahl an Aufs\u00e4tzen \u00fcber historische Auff\u00fchrungspraxis und verfolgte als Geiger praxis-orientierte Forschungen.<\/p>\n<p>In Oxford und Leeds revidierte und dirigierte er Theaterinszinierungen seltener Opern von J.F. Lampe, J.C. Bach, Haydn, Salieri, Eberl, Spohr, Schubert und Mendelssohn.<\/p>\n<p>Seine kritischen und auff\u00fchrungspraktischen Notenausgaben beinhalten: Brahms Violinkonzert und seine gesamten Sonaten f\u00fcr ein Instrument und Klavier (zusammen mit einem Textband: \u201eAuff\u00fchrungspraktische Hinweise zu Johannes Brahms Kammermusik\u201c, B\u00e4renreiter), Beethovens Sinfonien 1, 2 und 5, eine Chorfantasie und ein Violinkonzert Beethovens, eine praktische Ausgabe Mendelssohns Fassung letzter Hand von \u201eDie Hochzeit des Camacho\u201c (Breitkopf und H\u00e4rtel), Franz Clements Violinkonzert in D-Dur von 1805 (AR-Editions) und \u201eThe Violin Music\u201c (Vol. 37 von der Complete Edition) von Elgar.<\/p>\n<p>Clive Brown hat zuletzt eine kritisch-historisch informierte Ausgabe der Solostimme von Mendelssohns Violinkonzert f\u00fcr B\u00e4renreiter vollendet und eine Ausgabe von Beethovens Violinsonaten, zusammen mit einem Textband \u00fcber die Auff\u00fchrungspraxis in der Kammermusik der Wiener Klassik, im B\u00e4renreiter Verlag herausgegeben.<\/p>\n<div id=\"e18637\" class=\"element element-text g12_12 element-1\"><\/div>\n<\/div><\/section><\/p><\/div><div class=\"flex_column av_one_full  flex_column_div av-zero-column-padding first  avia-builder-el-8  el_after_av_one_full  avia-builder-el-last  column-top-margin\" style='border-radius:0px; '><div class='avia-buttonrow-wrap avia-buttonrow-right   avia-builder-el-9  avia-builder-el-no-sibling  '>\n<a href='https:\/\/online.mdw.ac.at\/mdw_online\/pl\/ui\/$ctx;design=pl;header=max;lang=de\/visitenkarte.show_vcard?pPersonenId=F23F2C9309A93FD5&pPersonenGruppe=3'  class='avia-button  avia-icon_select-no avia-color-theme-color avia-size-small '  target=\"_blank\"  style='margin-bottom:5px; margin-left:5px; ' ><span class='avia_iconbox_title' >Visitenkarte<\/span><\/a>\n<a href='https:\/\/online.mdw.ac.at\/mdw_online\/pl\/ui\/$ctx;design=pl;header=max;lang=de\/wblvangebot.wbshowlvoffer?ppersonnr=32187'  class='avia-button  avia-icon_select-no avia-color-theme-color avia-size-small '  target=\"_blank\"  style='margin-bottom:5px; margin-left:5px; ' ><span class='avia_iconbox_title' >Lehrveranstaltungen<\/span><\/a>\n<\/div><\/div><\/p>\n","protected":false},"excerpt":{"rendered":"","protected":false},"author":1,"featured_media":0,"parent":257,"menu_order":0,"comment_status":"closed","ping_status":"closed","template":"","meta":{"_price":"","_stock":"","_tribe_ticket_header":"","_tribe_default_ticket_provider":"","_tribe_ticket_capacity":"","_ticket_start_date":"","_ticket_end_date":"","_tribe_ticket_show_description":"","_tribe_ticket_show_not_going":false,"_tribe_ticket_use_global_stock":"","_tribe_ticket_global_stock_level":"","_global_stock_mode":"","_global_stock_cap":"","_tribe_rsvp_for_event":"","_tribe_ticket_going_count":"","_tribe_ticket_not_going_count":"","_tribe_tickets_list":"[]","_tribe_ticket_has_attendee_info_fields":false,"footnotes":""},"class_list":["post-14211","page","type-page","status-publish","hentry"],"_links":{"self":[{"href":"https:\/\/mdw.ac.at\/altemusik\/wp-json\/wp\/v2\/pages\/14211","targetHints":{"allow":["GET"]}}],"collection":[{"href":"https:\/\/mdw.ac.at\/altemusik\/wp-json\/wp\/v2\/pages"}],"about":[{"href":"https:\/\/mdw.ac.at\/altemusik\/wp-json\/wp\/v2\/types\/page"}],"author":[{"embeddable":true,"href":"https:\/\/mdw.ac.at\/altemusik\/wp-json\/wp\/v2\/users\/1"}],"replies":[{"embeddable":true,"href":"https:\/\/mdw.ac.at\/altemusik\/wp-json\/wp\/v2\/comments?post=14211"}],"version-history":[{"count":7,"href":"https:\/\/mdw.ac.at\/altemusik\/wp-json\/wp\/v2\/pages\/14211\/revisions"}],"predecessor-version":[{"id":18884,"href":"https:\/\/mdw.ac.at\/altemusik\/wp-json\/wp\/v2\/pages\/14211\/revisions\/18884"}],"up":[{"embeddable":true,"href":"https:\/\/mdw.ac.at\/altemusik\/wp-json\/wp\/v2\/pages\/257"}],"wp:attachment":[{"href":"https:\/\/mdw.ac.at\/altemusik\/wp-json\/wp\/v2\/media?parent=14211"}],"curies":[{"name":"wp","href":"https:\/\/api.w.org\/{rel}","templated":true}]}}