{"id":14227,"date":"2023-10-05T13:57:36","date_gmt":"2023-10-05T11:57:36","guid":{"rendered":"https:\/\/mdw.ac.at\/altemusik\/?page_id=14227"},"modified":"2024-04-29T19:21:19","modified_gmt":"2024-04-29T17:21:19","slug":"andre-ferreira-inst-17","status":"publish","type":"page","link":"https:\/\/mdw.ac.at\/altemusik\/lehrende\/andre-ferreira-inst-17\/","title":{"rendered":"Andr\u00e9 FERREIRA (Inst. 17)"},"content":{"rendered":"<div class=\"flex_column av_two_third  flex_column_div av-zero-column-padding first  avia-builder-el-0  el_before_av_one_third  avia-builder-el-first  \" style='border-radius:0px; '><div class='avia-image-container  av-styling-    avia-builder-el-1  avia-builder-el-no-sibling   avia-align-center '  itemprop=\"image\" itemscope=\"itemscope\" itemtype=\"https:\/\/schema.org\/ImageObject\"  ><div class='avia-image-container-inner'><div class='avia-image-overlay-wrap'><a href=\"https:\/\/mdw.ac.at\/altemusik\/blog2\/wp-content\/uploads\/2023\/10\/Foto-Theorbe-1030x1030.jpg\" class='avia_image'   data-rel=\"lightbox-image-0\" data-rl_title=\"\" data-rl_caption=\"\"><img class='avia_image ' src='https:\/\/mdw.ac.at\/altemusik\/blog2\/wp-content\/uploads\/2023\/10\/Foto-Theorbe-scaled.jpg' alt='' title=''  itemprop=\"thumbnailUrl\"  \/><\/a><\/div><\/div><\/div><\/div>\n<div class=\"flex_column av_one_third  flex_column_div av-zero-column-padding   avia-builder-el-2  el_after_av_two_third  el_before_av_one_full  \" style='border-radius:0px; '><\/div>\n<div class=\"flex_column av_one_full  flex_column_div av-zero-column-padding first  avia-builder-el-3  el_after_av_one_third  el_before_av_one_full  column-top-margin\" style='border-radius:0px; '><section class=\"av_textblock_section \"  itemscope=\"itemscope\" itemtype=\"https:\/\/schema.org\/CreativeWork\" ><div class='avia_textblock  '   itemprop=\"text\" ><h2>Andr\u00e9 FERREIRA (Inst. 17)<\/h2>\n<\/div><\/section><br \/>\n<section class=\"av_textblock_section \"  itemscope=\"itemscope\" itemtype=\"https:\/\/schema.org\/CreativeWork\" ><div class='avia_textblock  '   itemprop=\"text\" ><h5>Laute (erg\u00e4nzendes Fach)<\/h5>\n<\/div><\/section><br \/>\n<div style='height:20px' class='hr hr-invisible   avia-builder-el-6  el_after_av_textblock  el_before_av_textblock  '><span class='hr-inner ' ><span class='hr-inner-style'><\/span><\/span><\/div><br \/>\n<section class=\"av_textblock_section \"  itemscope=\"itemscope\" itemtype=\"https:\/\/schema.org\/CreativeWork\" ><div class='avia_textblock  '   itemprop=\"text\" ><p style=\"font-weight: 400;\"><span style=\"font-style: inherit; font-weight: inherit;\">Andr\u00e9 Ferreira, urspr\u00fcnglich aus Leiria (Portugal), begann im Alter von zw\u00f6lf Jahren am Orfe\u00e3o de Leiria Conservat\u00f3rio de Artes Gitarre zu spielen. Seine musikalische Ausbildung verfolgte er unter der Anleitung namhafter Gitarristen wie Margarita Escarpa am Conservatorio Superior de Musica de Vigo, Tilman Hoppstock an der Akademie f\u00fcr Tonkunst Darmstadt, Paolo Pegoraro an der Universit\u00e4t f\u00fcr Musik und darstellende Kunst Graz und Ricardo Gall\u00e9n an der Hochschule f\u00fcr Musik und Tanz Weimar.<\/span><\/p>\n<p style=\"font-weight: 400;\"><span style=\"font-style: inherit; font-weight: inherit;\">Andr\u00e9 gewann mehrere Preise in nationalen und internationalen Wettbewerben und trat als Solist in mehreren europ\u00e4ischen L\u00e4ndern auf, darunter \u00d6sterreich, Portugal, Spanien, Italien, Belgien, Deutschland und England. Im Jahr 2018 ver\u00f6ffentlichte er sein Deb\u00fctalbum mit dem Titel &#8222;Sonatas&#8220;.<\/span><\/p>\n<p style=\"font-weight: 400;\"><span style=\"font-style: inherit; font-weight: inherit;\">Mit tiefem Interesse an alter Musik und inspiriert von verschiedenen Zupfinstrumenten und Spieltechniken begann er, die Laute zu spielen. Dies f\u00fchrt ihn dazu, an der Hochschule f\u00fcr Musik und Tanz K\u00f6ln bei David Bergm\u00fcller zu studieren.<\/span><\/p>\n<p style=\"font-weight: 400;\"><span style=\"font-style: inherit; font-weight: inherit;\">Derzeit tritt Andr\u00e9 regelm\u00e4\u00dfig mit dem Bach Consort Wien unter der Leitung von Rub\u00e9n Dubrovsky auf. Dadurch hat er die M\u00f6glichkeit erhalten, an renommierten Orten wie dem Wiener Musikverein, dem Theater an der Wien, dem Palau de la M\u00fasica Catalana in Barcelona und dem Auditorio Nacional de M\u00fasica in Madrid aufzutreten und die B\u00fchne mit namhaften Musikern wie Vivica Genaux, Veronica Cangemi, Anna Prohaska, Xavier Sabata, Terry Wey, Michael Schade und M\u00f3nica Pustilnik zu teilen.<\/span><\/p>\n<\/div><\/section><\/p><\/div><div class=\"flex_column av_one_full  flex_column_div av-zero-column-padding first  avia-builder-el-8  el_after_av_one_full  avia-builder-el-last  column-top-margin\" style='border-radius:0px; '><div class='avia-buttonrow-wrap avia-buttonrow-right   avia-builder-el-9  avia-builder-el-no-sibling  '>\n<a href='https:\/\/online.mdw.ac.at\/mdw_online\/visitenkarte.show_vcard?pPersonenId=9AB650138E60D995&pPersonenGruppe=3'  class='avia-button  avia-icon_select-no avia-color-theme-color avia-size-small '  target=\"_blank\"  style='margin-bottom:5px; margin-left:5px; ' ><span class='avia_iconbox_title' >Visitenkarte<\/span><\/a>\n<a href='https:\/\/online.mdw.ac.at\/mdw_online\/wblvangebot.wbshowlvoffer?ppersonnr=42141'  class='avia-button  avia-icon_select-no avia-color-theme-color avia-size-small '  target=\"_blank\"  style='margin-bottom:5px; margin-left:5px; ' ><span class='avia_iconbox_title' >Lehrveranstaltungen<\/span><\/a>\n<\/div><\/div><\/p>\n","protected":false},"excerpt":{"rendered":"","protected":false},"author":1,"featured_media":0,"parent":257,"menu_order":0,"comment_status":"closed","ping_status":"closed","template":"","meta":{"_price":"","_stock":"","_tribe_ticket_header":"","_tribe_default_ticket_provider":"","_tribe_ticket_capacity":"","_ticket_start_date":"","_ticket_end_date":"","_tribe_ticket_show_description":"","_tribe_ticket_show_not_going":false,"_tribe_ticket_use_global_stock":"","_tribe_ticket_global_stock_level":"","_global_stock_mode":"","_global_stock_cap":"","_tribe_rsvp_for_event":"","_tribe_ticket_going_count":"","_tribe_ticket_not_going_count":"","_tribe_tickets_list":"[]","_tribe_ticket_has_attendee_info_fields":false,"footnotes":""},"class_list":["post-14227","page","type-page","status-publish","hentry"],"_links":{"self":[{"href":"https:\/\/mdw.ac.at\/altemusik\/wp-json\/wp\/v2\/pages\/14227","targetHints":{"allow":["GET"]}}],"collection":[{"href":"https:\/\/mdw.ac.at\/altemusik\/wp-json\/wp\/v2\/pages"}],"about":[{"href":"https:\/\/mdw.ac.at\/altemusik\/wp-json\/wp\/v2\/types\/page"}],"author":[{"embeddable":true,"href":"https:\/\/mdw.ac.at\/altemusik\/wp-json\/wp\/v2\/users\/1"}],"replies":[{"embeddable":true,"href":"https:\/\/mdw.ac.at\/altemusik\/wp-json\/wp\/v2\/comments?post=14227"}],"version-history":[{"count":3,"href":"https:\/\/mdw.ac.at\/altemusik\/wp-json\/wp\/v2\/pages\/14227\/revisions"}],"predecessor-version":[{"id":15324,"href":"https:\/\/mdw.ac.at\/altemusik\/wp-json\/wp\/v2\/pages\/14227\/revisions\/15324"}],"up":[{"embeddable":true,"href":"https:\/\/mdw.ac.at\/altemusik\/wp-json\/wp\/v2\/pages\/257"}],"wp:attachment":[{"href":"https:\/\/mdw.ac.at\/altemusik\/wp-json\/wp\/v2\/media?parent=14227"}],"curies":[{"name":"wp","href":"https:\/\/api.w.org\/{rel}","templated":true}]}}