{"id":15536,"date":"2024-06-18T11:05:32","date_gmt":"2024-06-18T09:05:32","guid":{"rendered":"https:\/\/mdw.ac.at\/altemusik\/?page_id=15536"},"modified":"2026-04-09T09:44:09","modified_gmt":"2026-04-09T07:44:09","slug":"eva-saladin","status":"publish","type":"page","link":"https:\/\/mdw.ac.at\/altemusik\/lehrende\/eva-saladin\/","title":{"rendered":"Eva SALADIN"},"content":{"rendered":"<div class=\"flex_column av_two_third  flex_column_div av-zero-column-padding first  avia-builder-el-0  el_before_av_one_third  avia-builder-el-first  \" style='border-radius:0px; '><div class='avia-image-container  av-styling-  av-has-copyright av-copyright-icon-reveal   avia-builder-el-1  avia-builder-el-no-sibling   avia-align-center '  itemprop=\"image\" itemscope=\"itemscope\" itemtype=\"https:\/\/schema.org\/ImageObject\"  ><div class='avia-image-container-inner'><div class='avia-image-overlay-wrap'><a href=\"https:\/\/mdw.ac.at\/altemusik\/blog2\/wp-content\/uploads\/2024\/06\/DiMartinelli\u00a9SusannaDrescher_01a-1030x1030.jpg\" class='avia_image'   data-rel=\"lightbox-image-0\" data-rl_title=\"\" data-rl_caption=\"\"><img class='avia_image ' src='https:\/\/mdw.ac.at\/altemusik\/blog2\/wp-content\/uploads\/2024\/06\/DiMartinelli\u00a9SusannaDrescher_01a.jpg' alt='' title=''  itemprop=\"thumbnailUrl\"  \/><\/a><\/div><small class='avia-copyright'>\u00a9 Susanna Drescher<\/small><\/div><\/div><\/div>\n<div class=\"flex_column av_one_third  flex_column_div av-zero-column-padding   avia-builder-el-2  el_after_av_two_third  el_before_av_one_full  \" style='border-radius:0px; '><\/div>\n<div class=\"flex_column av_one_full  flex_column_div av-zero-column-padding first  avia-builder-el-3  el_after_av_one_third  el_before_av_one_full  column-top-margin\" style='border-radius:0px; '><p><div style='height:20px' class='hr hr-invisible   avia-builder-el-4  el_before_av_textblock  avia-builder-el-first  '><span class='hr-inner ' ><span class='hr-inner-style'><\/span><\/span><\/div><br \/>\n<section class=\"av_textblock_section \"  itemscope=\"itemscope\" itemtype=\"https:\/\/schema.org\/CreativeWork\" ><div class='avia_textblock  '   itemprop=\"text\" ><h2>Eva SALADIN<\/h2>\n<\/div><\/section><br \/>\n<section class=\"av_textblock_section \"  itemscope=\"itemscope\" itemtype=\"https:\/\/schema.org\/CreativeWork\" ><div class='avia_textblock  '   itemprop=\"text\" ><h5>Univ.-Prof. f\u00fcr Historische Violininstrumente<\/h5>\n<\/div><\/section><br \/>\n<div style='height:20px' class='hr hr-invisible   avia-builder-el-7  el_after_av_textblock  el_before_av_textblock  '><span class='hr-inner ' ><span class='hr-inner-style'><\/span><\/span><\/div><br \/>\n<section class=\"av_textblock_section \"  itemscope=\"itemscope\" itemtype=\"https:\/\/schema.org\/CreativeWork\" ><div class='avia_textblock  '   itemprop=\"text\" ><p>Eva Saladin studierte Violine bei Kees Koelmans und Lucy van Dael am Konservatorium Amsterdam und anschlie\u00dfend Barockgeige bei Leila Schayegh und David Plantier an der Schola Cantorum Basiliensis, wo sie ihr Studium 2013 mit Auszeichnung abschloss. Auch besch\u00e4ftigte sie sich intensiv mit historischer Improvisation in der Klasse von Rudolf Lutz.<\/p>\n<p>Heute lebt sie als freischaffende Musikerin in Basel. Ihre Arbeit setzt sich aus Kammermusik- und Orchesterprojekten sowie Solorezitals mit einem Repertoire vom Fr\u00fchbarock bis zur Fr\u00fchromantik zusammen. Sie legt dabei grossen Wert auf historische Spieltechniken, stilgerechte Ornamentik und Improvisation als selbstverst\u00e4ndliche Komponente ihrer Konzertprogramme. Zudem engagiert sie sich f\u00fcr zeitgen\u00f6ssisches Musiktheater und Performance sowie freie Improvisation.<\/p>\n<p>Neben ihren Solo-Auftritten und ihrer Arbeit mit ihrem eigenen Ensemble Odyssee ist Eva Saladin Konzertmeisterin des La Cetra Barockorchester Basel und von Gli Angeli Gen\u00e8ve und spielt regelm\u00e4ssig, meist in f\u00fchrenden Positionen, mit Ensembles wie Collegium Vocale Gent, Il Profondo, Profeti della Quinta oder Il Gusto Barocco.<\/p>\n<p>2021 war sie Artist in Residence am Festival Oude Muziek Utrecht und spielt au\u00dferdem an Festivals und in Konzertreihen wie Freunde Alter Musik Basel, Festival de Saintes, Festival de Lanvellec, Innsbrucker Festwochen der Alten Musik, Barockfestspiele Bad Arolsen, H\u00e4ndelfestspiele Halle, Barockfestspiele Sanssouci, Th\u00fcringer Bachwochen, MA Festival Brugge, Les Nuits de Septembre, Festival de Verbier, York Early Music Festival oder Crete Senesi.<\/p>\n<p>Sie gab Masterclasses u.a. an der Universit\u00e4t f\u00fcr Musik und darstellende Kunst Wien, dem Konservatorium von Amsterdam, an der Hochschule f\u00fcr Musik und Tanz K\u00f6ln und am Forum Alte Musik: St. Gerold.<\/p>\n<p>CDs nahm Eva Saladin u.a. f\u00fcr Glossa (Solo-Album \u201cThe Di Martinelli Manuscript\u201c 2021), Resonando, PanClassics und BrilliantClassics auf. Im Mai 2023 erschien ihre Gesamteinspielung der Sonaten von Antonio Pandolfi Mealli bei Challenge Records.<\/p>\n<p><a href=\"https:\/\/www.evasaladin.com\/\">www.evasaladin.com<\/a><\/p>\n<\/div><\/section><\/p><\/div><div class=\"flex_column av_one_full  flex_column_div av-zero-column-padding first  avia-builder-el-9  el_after_av_one_full  avia-builder-el-last  column-top-margin\" style='border-radius:0px; '><div class='avia-buttonrow-wrap avia-buttonrow-right   avia-builder-el-10  avia-builder-el-no-sibling  '>\n<a href='https:\/\/online.mdw.ac.at\/mdw_online\/pl\/ui\/$ctx\/visitenkarte.show_vcard?pPersonenId=7E01CDEB1952FF2D&pPersonenGruppe=3'  class='avia-button  avia-icon_select-no avia-color-theme-color avia-size-small '  target=\"_blank\"  style='margin-bottom:5px; margin-left:5px; ' ><span class='avia_iconbox_title' >Visitenkarte<\/span><\/a>\n<a href='https:\/\/online.mdw.ac.at\/mdw_online\/pl\/ui\/$ctx\/wblvangebot.wbshowlvoffer?ppersonnr=44445'  class='avia-button  avia-icon_select-no avia-color-theme-color avia-size-small '  target=\"_blank\"  style='margin-bottom:5px; margin-left:5px; ' ><span class='avia_iconbox_title' >Lehrveranstaltungen<\/span><\/a>\n<\/div><\/div><\/p>\n","protected":false},"excerpt":{"rendered":"","protected":false},"author":1,"featured_media":15482,"parent":257,"menu_order":0,"comment_status":"closed","ping_status":"closed","template":"","meta":{"_price":"","_stock":"","_tribe_ticket_header":"","_tribe_default_ticket_provider":"","_tribe_ticket_capacity":"0","_ticket_start_date":"","_ticket_end_date":"","_tribe_ticket_show_description":"","_tribe_ticket_show_not_going":false,"_tribe_ticket_use_global_stock":"","_tribe_ticket_global_stock_level":"","_global_stock_mode":"","_global_stock_cap":"","_tribe_rsvp_for_event":"","_tribe_ticket_going_count":"","_tribe_ticket_not_going_count":"","_tribe_tickets_list":"[]","_tribe_ticket_has_attendee_info_fields":false,"footnotes":""},"class_list":["post-15536","page","type-page","status-publish","has-post-thumbnail","hentry"],"_links":{"self":[{"href":"https:\/\/mdw.ac.at\/altemusik\/wp-json\/wp\/v2\/pages\/15536","targetHints":{"allow":["GET"]}}],"collection":[{"href":"https:\/\/mdw.ac.at\/altemusik\/wp-json\/wp\/v2\/pages"}],"about":[{"href":"https:\/\/mdw.ac.at\/altemusik\/wp-json\/wp\/v2\/types\/page"}],"author":[{"embeddable":true,"href":"https:\/\/mdw.ac.at\/altemusik\/wp-json\/wp\/v2\/users\/1"}],"replies":[{"embeddable":true,"href":"https:\/\/mdw.ac.at\/altemusik\/wp-json\/wp\/v2\/comments?post=15536"}],"version-history":[{"count":12,"href":"https:\/\/mdw.ac.at\/altemusik\/wp-json\/wp\/v2\/pages\/15536\/revisions"}],"predecessor-version":[{"id":19092,"href":"https:\/\/mdw.ac.at\/altemusik\/wp-json\/wp\/v2\/pages\/15536\/revisions\/19092"}],"up":[{"embeddable":true,"href":"https:\/\/mdw.ac.at\/altemusik\/wp-json\/wp\/v2\/pages\/257"}],"wp:featuredmedia":[{"embeddable":true,"href":"https:\/\/mdw.ac.at\/altemusik\/wp-json\/wp\/v2\/media\/15482"}],"wp:attachment":[{"href":"https:\/\/mdw.ac.at\/altemusik\/wp-json\/wp\/v2\/media?parent=15536"}],"curies":[{"name":"wp","href":"https:\/\/api.w.org\/{rel}","templated":true}]}}