{"id":15986,"date":"2024-09-25T13:11:00","date_gmt":"2024-09-25T11:11:00","guid":{"rendered":"https:\/\/mdw.ac.at\/altemusik\/?page_id=15986"},"modified":"2025-09-25T12:23:05","modified_gmt":"2025-09-25T10:23:05","slug":"15986-2","status":"publish","type":"page","link":"https:\/\/mdw.ac.at\/altemusik\/en\/faculty\/15986-2\/","title":{"rendered":"Elisabeth BAUMER"},"content":{"rendered":"<div class=\"flex_column av_one_third  flex_column_div av-zero-column-padding first  avia-builder-el-0  el_before_av_two_third  avia-builder-el-first  \" style='border-radius:0px; '><div class='avia-image-container  av-styling-    avia-builder-el-1  avia-builder-el-no-sibling   avia-align-center '  itemprop=\"image\" itemscope=\"itemscope\" itemtype=\"https:\/\/schema.org\/ImageObject\"  ><div class='avia-image-container-inner'><div class='avia-image-overlay-wrap'><a href=\"https:\/\/mdw.ac.at\/altemusik\/blog2\/wp-content\/uploads\/2024\/09\/baumer-687x1030.jpg\" class='avia_image'   data-rel=\"lightbox-image-0\" data-rl_title=\"\" data-rl_caption=\"\"><img class='avia_image ' src='https:\/\/mdw.ac.at\/altemusik\/blog2\/wp-content\/uploads\/2024\/09\/baumer-e1740578277395.jpg' alt='' title=''  itemprop=\"thumbnailUrl\"  \/><\/a><\/div><\/div><\/div><\/div>\n<div class=\"flex_column av_two_third  flex_column_div av-zero-column-padding   avia-builder-el-2  el_after_av_one_third  el_before_av_one_full  \" style='border-radius:0px; '><section class=\"av_textblock_section \"  itemscope=\"itemscope\" itemtype=\"https:\/\/schema.org\/CreativeWork\" ><div class='avia_textblock  '   itemprop=\"text\" ><h2>Elisabeth BAUMER<\/h2>\n<\/div><\/section><br \/>\n<section class=\"av_textblock_section \"  itemscope=\"itemscope\" itemtype=\"https:\/\/schema.org\/CreativeWork\" ><div class='avia_textblock  '   itemprop=\"text\" ><h5>Historical Oboe Instruments<\/h5>\n<\/div><\/section><br \/>\n<div style='height:20px' class='hr hr-invisible   avia-builder-el-5  el_after_av_textblock  el_before_av_textblock  '><span class='hr-inner ' ><span class='hr-inner-style'><\/span><\/span><\/div><br \/>\n<section class=\"av_textblock_section \"  itemscope=\"itemscope\" itemtype=\"https:\/\/schema.org\/CreativeWork\" ><div class='avia_textblock  '   itemprop=\"text\" ><p><em>Elisabeth Baumer, geboren in Klagenfurt, studierte Barockoboe bei Paolo Grazzi an der Civica Scuola di Milano und am Conservatorio F. E. dall\u2019Abaco in Verona, bei Andrea Mion am Istituto Briccialdi in Terni und bei Marie Wolf am Konservatorium der Stadt Wien, sowie Blockfl\u00f6te mit Schwerpunkt Musiktheorie bei Rahel Stoellger an der Universit\u00e4t f\u00fcr Musik und Darstellende Kunst Wien. Sie schloss s\u00e4mtliche Diplompr\u00fcfungen und Konzertexamen mit Auszeichnung ab.<\/em><\/p>\n<p><em>2004 wurde sie als Oboistin f\u00fcr das European Union Baroque Orchestra unter Lars Ulrik Mortensen ausgew\u00e4hlt.<\/em><\/p>\n<p><em><strong>\u00a0<\/strong><\/em><\/p>\n<p><em>Ihre intensive k\u00fcnstlerische Aktivit\u00e4t manifestiert sich in ihrer langj\u00e4hrigen Mitwirkung bei zahlreichen Orchestern und Ensembles der internationalen Alte-Musik-Szene.<\/em><\/p>\n<p><em>Seit 2004 konzertiert sie als Solo-Oboistin mit der in Ravenna ans\u00e4ssigen Accademia Bizantina, einem der f\u00fchrenden Barockorchester weltweit. Das au\u00dfergew\u00f6hnlich ftiefgr\u00fcndige und analytische Musikverst\u00e4ndnis des Leiters Ottavio Dantone hat Elisabeth Baumer nachhaltig gepr\u00e4gt.<\/em><\/p>\n<p><em>Sie ist ebenfalls Mitglied bei Concerto Stella Matutina, Bach Consort Wien, Capella Leopoldina, Barucco und dem Bach-Kantaten-Zyklus im Wiener Konzerthaus unter Luca Pianca.<\/em><\/p>\n<p><em><strong>\u00a0<\/strong><\/em><\/p>\n<p><em>Eine regelm\u00e4\u00dfige Zusammenarbeit verbindet sie auch mit Barokkanerne Oslo, dem Concentus Musicus Wien (Nikolaus Harnoncourt\/Stefan Gottfried) und dem L\u2019Orfeo Barockorchester und Bl\u00e4serensemble (Michi Gaigg\/Carin van Heerden). Weitere Kooperationen mit Les Musiciens du Louvre (Marc Minkowski), Divino Sospiro Lissabon, La Risonanza (Fabio Bonizzoni), Academia Montis Regalis und Il Pomo d\u2019Oro.<\/em><\/p>\n<p><em>Auftritte in den wichtigsten Konzerts\u00e4len in ganz Europa, S\u00fcdamerika und Asien, sowie zahlreiche CD-Einspielungen, u. a. mit Nikolaus Harnoncourt und Claudio Abbado, vervollst\u00e4ndigen ihr k\u00fcnstlerisches Schaffen.<\/em><\/p>\n<p><em>Elisabeth Baumer verf\u00fcgt \u00fcber vielseitige p\u00e4dagogische Erfahrungen im universit\u00e4ren Bereich (Universit\u00e4t f\u00fcr Musik und Darstellende Kunst Graz, K\u00e4rntner Landeskonservatorium) und bei diversen Meisterklassen (Austria Barock Akademie).<\/em><\/p>\n<\/div><\/section><\/p><\/div><div class=\"flex_column av_one_full  flex_column_div av-zero-column-padding first  avia-builder-el-7  el_after_av_two_third  avia-builder-el-last  column-top-margin\" style='border-radius:0px; '><div class='avia-buttonrow-wrap avia-buttonrow-right   avia-builder-el-8  avia-builder-el-no-sibling  '>\n<a href='https:\/\/online.mdw.ac.at\/mdw_online\/pl\/ui\/$ctx\/visitenkarte.show_vcard?pPersonenId=CB658084E33838E2&pPersonenGruppe=3'  class='avia-button  avia-icon_select-no avia-color-theme-color avia-size-small '  target=\"_blank\"  style='margin-bottom:5px; margin-left:5px; ' ><span class='avia_iconbox_title' >Business card<\/span><\/a>\n<a href='https:\/\/online.mdw.ac.at\/mdw_online\/pl\/ui\/$ctx\/wblvangebot.wbshowlvoffer?ppersonnr=44507'  class='avia-button  avia-icon_select-no avia-color-theme-color avia-size-small '  target=\"_blank\"  style='margin-bottom:5px; margin-left:5px; ' ><span class='avia_iconbox_title' >Courses<\/span><\/a>\n<\/div><\/div><\/p>\n","protected":false},"excerpt":{"rendered":"","protected":false},"author":1,"featured_media":15984,"parent":255,"menu_order":0,"comment_status":"closed","ping_status":"closed","template":"","meta":{"_price":"","_stock":"","_tribe_ticket_header":"","_tribe_default_ticket_provider":"","_tribe_ticket_capacity":"","_ticket_start_date":"","_ticket_end_date":"","_tribe_ticket_show_description":"","_tribe_ticket_show_not_going":false,"_tribe_ticket_use_global_stock":"","_tribe_ticket_global_stock_level":"","_global_stock_mode":"","_global_stock_cap":"","_tribe_rsvp_for_event":"","_tribe_ticket_going_count":"","_tribe_ticket_not_going_count":"","_tribe_tickets_list":"[]","_tribe_ticket_has_attendee_info_fields":false,"footnotes":""},"class_list":["post-15986","page","type-page","status-publish","has-post-thumbnail","hentry"],"_links":{"self":[{"href":"https:\/\/mdw.ac.at\/altemusik\/wp-json\/wp\/v2\/pages\/15986","targetHints":{"allow":["GET"]}}],"collection":[{"href":"https:\/\/mdw.ac.at\/altemusik\/wp-json\/wp\/v2\/pages"}],"about":[{"href":"https:\/\/mdw.ac.at\/altemusik\/wp-json\/wp\/v2\/types\/page"}],"author":[{"embeddable":true,"href":"https:\/\/mdw.ac.at\/altemusik\/wp-json\/wp\/v2\/users\/1"}],"replies":[{"embeddable":true,"href":"https:\/\/mdw.ac.at\/altemusik\/wp-json\/wp\/v2\/comments?post=15986"}],"version-history":[{"count":4,"href":"https:\/\/mdw.ac.at\/altemusik\/wp-json\/wp\/v2\/pages\/15986\/revisions"}],"predecessor-version":[{"id":17194,"href":"https:\/\/mdw.ac.at\/altemusik\/wp-json\/wp\/v2\/pages\/15986\/revisions\/17194"}],"up":[{"embeddable":true,"href":"https:\/\/mdw.ac.at\/altemusik\/wp-json\/wp\/v2\/pages\/255"}],"wp:featuredmedia":[{"embeddable":true,"href":"https:\/\/mdw.ac.at\/altemusik\/wp-json\/wp\/v2\/media\/15984"}],"wp:attachment":[{"href":"https:\/\/mdw.ac.at\/altemusik\/wp-json\/wp\/v2\/media?parent=15986"}],"curies":[{"name":"wp","href":"https:\/\/api.w.org\/{rel}","templated":true}]}}