{"id":23,"date":"2019-07-02T18:35:21","date_gmt":"2019-07-02T16:35:21","guid":{"rendered":"https:\/\/www.mdw.ac.at\/altemusik\/?page_id=23"},"modified":"2025-11-06T12:12:05","modified_gmt":"2025-11-06T11:12:05","slug":"ma-blockflote","status":"publish","type":"page","link":"https:\/\/mdw.ac.at\/altemusik\/studien\/master-ma\/ma-blockflote\/","title":{"rendered":"MA Blockfl\u00f6te"},"content":{"rendered":"<div class=\"flex_column av_one_full  flex_column_div av-zero-column-padding first  avia-builder-el-0  el_before_av_three_fifth  avia-builder-el-first  \" style='border-radius:0px; '><section class=\"av_textblock_section \"  itemscope=\"itemscope\" itemtype=\"https:\/\/schema.org\/CreativeWork\" ><div class='avia_textblock  '   itemprop=\"text\" ><h2>Blockfl\u00f6te<\/h2>\n<h3>Masterstudium<\/h3>\n<\/div><\/section><\/div>\n<div class=\"flex_column av_three_fifth  flex_column_div av-zero-column-padding first  avia-builder-el-2  el_after_av_one_full  el_before_av_two_fifth  column-top-margin\" style='border-radius:0px; '><div class='avia-image-container  av-styling-  av-has-copyright av-copyright-icon-reveal   avia-builder-el-3  avia-builder-el-no-sibling   avia-align-center '  itemprop=\"image\" itemscope=\"itemscope\" itemtype=\"https:\/\/schema.org\/ImageObject\"  ><div class='avia-image-container-inner'><div class='avia-image-overlay-wrap'><img class='avia_image' src='https:\/\/mdw.ac.at\/altemusik\/blog2\/wp-content\/uploads\/2020\/03\/AMI-Er\u00f6ffnung-by-Theresa-Pewal-140-1030x687.jpg' alt='' title='\u00a9 2020 Theresa Pewal' height=\"687\" width=\"1030\"  itemprop=\"thumbnailUrl\"  \/><\/div><small class='avia-copyright'>\u00a9 2020 Theresa Pewal<\/small><\/div><\/div><\/div>\n<div class=\"flex_column av_two_fifth  flex_column_div av-zero-column-padding   avia-builder-el-4  el_after_av_three_fifth  el_before_av_one_full  column-top-margin\" style='border-radius:0px; '><section class=\"av_textblock_section \"  itemscope=\"itemscope\" itemtype=\"https:\/\/schema.org\/CreativeWork\" ><div class='avia_textblock  '   itemprop=\"text\" ><h3>Zulassungspr\u00fcfung SS 2026: 20.01.2026<\/h3>\n<p>Anmeldezeitraum: 22.10.2025 bis 17.12.2025<\/p>\n<\/div><\/section><br \/>\n<div style='height:20px' class='hr hr-invisible   avia-builder-el-6  el_after_av_textblock  el_before_av_buttonrow  '><span class='hr-inner ' ><span class='hr-inner-style'><\/span><\/span><\/div><br \/>\n<div class='avia-buttonrow-wrap avia-buttonrow-left   avia-builder-el-7  el_after_av_hr  avia-builder-el-last  '>\n<a href='https:\/\/www.mdw.ac.at\/1249\/?lang=de'  class='avia-button  avia-icon_select-no avia-color-theme-color avia-size-small '  style='margin-bottom:5px; margin-right:5px; ' ><span class='avia_iconbox_title' >Zum Studiencenter<\/span><\/a>\n<a href='https:\/\/mdw.ac.at\/studienplaene\/?stNR=33651&stArt=infozp'  class='avia-button  avia-icon_select-yes-left-icon avia-color-theme-color avia-size-small '  target=\"_blank\"  style='margin-bottom:5px; margin-right:5px; ' ><span class='avia_button_icon avia_button_icon_left ' aria-hidden='true' data-av_icon='\ue82d' data-av_iconfont='entypo-fontello'><\/span><span class='avia_iconbox_title' >Informationen zur Zulassungspr\u00fcfung<\/span><\/a>\n<a href='https:\/\/mdw.ac.at\/studienplaene\/?stNR=33651&stArt=cur'  class='avia-button  avia-icon_select-yes-left-icon avia-color-theme-color avia-size-small '  target=\"_blank\"  style='margin-bottom:5px; margin-right:5px; ' ><span class='avia_button_icon avia_button_icon_left ' aria-hidden='true' data-av_icon='\ue82d' data-av_iconfont='entypo-fontello'><\/span><span class='avia_iconbox_title' >Curriculum<\/span><\/a>\n<\/div><\/p><\/div><div class=\"flex_column av_one_full  flex_column_div av-zero-column-padding first  avia-builder-el-8  el_after_av_two_fifth  el_before_av_three_fifth  \" style='border-radius:0px; '><div style='height:20px' class='hr hr-invisible   avia-builder-el-9  avia-builder-el-no-sibling  '><span class='hr-inner ' ><span class='hr-inner-style'><\/span><\/span><\/div><\/div><\/p>\n<div class=\"flex_column av_three_fifth  flex_column_div av-zero-column-padding first  avia-builder-el-10  el_after_av_one_full  el_before_av_two_fifth  column-top-margin\" style='border-radius:0px; '><section class=\"av_textblock_section \"  itemscope=\"itemscope\" itemtype=\"https:\/\/schema.org\/CreativeWork\" ><div class='avia_textblock  '   itemprop=\"text\" ><ul>\n<li class=\"varMusik\">Dauer: 4 Semester<\/li>\n<li class=\"varMusik\">Umfang: 120 ECTS<\/li>\n<li class=\"varMusik\">Abschluss: Master of Arts (MA)<\/li>\n<li class=\"varMusik\">Voraussetzung: erfolgreiche Zulassungspr\u00fcfung sowie erfolgreich abgeschlossenes facheinschl\u00e4giges Bachelor- oder Diplomstudium<\/li>\n<\/ul>\n<\/div><\/section><\/div>\n<div class=\"flex_column av_two_fifth  flex_column_div av-zero-column-padding   avia-builder-el-12  el_after_av_three_fifth  el_before_av_three_fifth  column-top-margin\" style='border-radius:0px; '><\/div>\n<div class=\"flex_column av_three_fifth  flex_column_div av-zero-column-padding first  avia-builder-el-13  el_after_av_two_fifth  avia-builder-el-last  \" style='border-radius:0px; '><section class=\"av_textblock_section \"  itemscope=\"itemscope\" itemtype=\"https:\/\/schema.org\/CreativeWork\" ><div class='avia_textblock  '   itemprop=\"text\" ><p>Gegenstand des Masterstudiums Blockfl\u00f6te ist die praxisorientierte Berufsausbildung auf\u00a0<strong>k\u00fcnstlerisch und instrumental sehr hohem Niveau<\/strong>, basierend auf den in einem Bachelorstudium Blockfl\u00f6te oder in einem gleichwertigen Studium an einer anerkannten inl\u00e4ndischen oder ausl\u00e4ndischen postsekund\u00e4ren Bildungseinrichtung gewonnenen Kompetenzen.<\/p>\n<p>Die Ausbildung erm\u00f6glicht durch die angebotenen fachspezifischen Wahlf\u00e4cher und die k\u00fcnstlerische oder wissenschaftliche Masterarbeit eine weitere individuelle Gewichtung und bildet somit die Voraussetzung, sich Berufsfelder in dem heterogenen Berufsbild der Blockfl\u00f6te zu verschaffen.<\/p>\n<p>Die Lehr- und Lerninhalte schaffen die Grundlage f\u00fcr eine selbstst\u00e4ndige k\u00fcnstlerische T\u00e4tigkeit und tragen durch eine kritische Auseinandersetzung mit k\u00fcnstlerischen und wissenschaftlichen Fragestellungen zur Entwicklung und Erschlie\u00dfung der K\u00fcnste bei.<\/p>\n<\/div><\/section><\/div>\n","protected":false},"excerpt":{"rendered":"","protected":false},"author":1,"featured_media":0,"parent":324,"menu_order":0,"comment_status":"closed","ping_status":"closed","template":"","meta":{"_price":"","_stock":"","_tribe_ticket_header":"","_tribe_default_ticket_provider":"","_tribe_ticket_capacity":"","_ticket_start_date":"","_ticket_end_date":"","_tribe_ticket_show_description":"","_tribe_ticket_show_not_going":false,"_tribe_ticket_use_global_stock":"","_tribe_ticket_global_stock_level":"","_global_stock_mode":"","_global_stock_cap":"","_tribe_rsvp_for_event":"","_tribe_ticket_going_count":"","_tribe_ticket_not_going_count":"","_tribe_tickets_list":"[]","_tribe_ticket_has_attendee_info_fields":false,"footnotes":""},"class_list":["post-23","page","type-page","status-publish","hentry"],"_links":{"self":[{"href":"https:\/\/mdw.ac.at\/altemusik\/wp-json\/wp\/v2\/pages\/23","targetHints":{"allow":["GET"]}}],"collection":[{"href":"https:\/\/mdw.ac.at\/altemusik\/wp-json\/wp\/v2\/pages"}],"about":[{"href":"https:\/\/mdw.ac.at\/altemusik\/wp-json\/wp\/v2\/types\/page"}],"author":[{"embeddable":true,"href":"https:\/\/mdw.ac.at\/altemusik\/wp-json\/wp\/v2\/users\/1"}],"replies":[{"embeddable":true,"href":"https:\/\/mdw.ac.at\/altemusik\/wp-json\/wp\/v2\/comments?post=23"}],"version-history":[{"count":43,"href":"https:\/\/mdw.ac.at\/altemusik\/wp-json\/wp\/v2\/pages\/23\/revisions"}],"predecessor-version":[{"id":17706,"href":"https:\/\/mdw.ac.at\/altemusik\/wp-json\/wp\/v2\/pages\/23\/revisions\/17706"}],"up":[{"embeddable":true,"href":"https:\/\/mdw.ac.at\/altemusik\/wp-json\/wp\/v2\/pages\/324"}],"wp:attachment":[{"href":"https:\/\/mdw.ac.at\/altemusik\/wp-json\/wp\/v2\/media?parent=23"}],"curies":[{"name":"wp","href":"https:\/\/api.w.org\/{rel}","templated":true}]}}