{"id":242,"date":"2019-07-08T12:55:34","date_gmt":"2019-07-08T10:55:34","guid":{"rendered":"https:\/\/www.mdw.ac.at\/altemusik\/?page_id=242"},"modified":"2026-03-11T09:27:31","modified_gmt":"2026-03-11T08:27:31","slug":"carsten-eckert","status":"publish","type":"page","link":"https:\/\/mdw.ac.at\/altemusik\/lehrende\/carsten-eckert\/","title":{"rendered":"Carsten ECKERT"},"content":{"rendered":"<div class=\"flex_column av_two_third  flex_column_div av-zero-column-padding first  avia-builder-el-0  el_before_av_one_third  avia-builder-el-first  \" style='border-radius:0px; '><div class='avia-image-container  av-styling-  av-has-copyright av-copyright-icon-reveal   avia-builder-el-1  avia-builder-el-no-sibling   avia-align-center '  itemprop=\"image\" itemscope=\"itemscope\" itemtype=\"https:\/\/schema.org\/ImageObject\"  ><div class='avia-image-container-inner'><div class='avia-image-overlay-wrap'><a href=\"https:\/\/mdw.ac.at\/altemusik\/blog2\/wp-content\/uploads\/2019\/07\/carsten_eckert-1030x687.jpg\" class='avia_image'   data-rel=\"lightbox-image-0\" data-rl_title=\"\" data-rl_caption=\"\"><img class='avia_image ' src='https:\/\/mdw.ac.at\/altemusik\/blog2\/wp-content\/uploads\/2019\/07\/carsten_eckert-1030x687.jpg' alt='' title=''  itemprop=\"thumbnailUrl\"  \/><\/a><\/div><small class='avia-copyright'>@ 2019<\/small><\/div><\/div><\/div>\n<div class=\"flex_column av_one_third  flex_column_div av-zero-column-padding   avia-builder-el-2  el_after_av_two_third  el_before_av_one_full  \" style='border-radius:0px; '><\/div>\n<div class=\"flex_column av_one_full  flex_column_div av-zero-column-padding first  avia-builder-el-3  el_after_av_one_third  el_before_av_one_full  column-top-margin\" style='border-radius:0px; '><section class=\"av_textblock_section \"  itemscope=\"itemscope\" itemtype=\"https:\/\/schema.org\/CreativeWork\" ><div class='avia_textblock  '   itemprop=\"text\" ><h2>Carsten Eckert<\/h2>\n<\/div><\/section><br \/>\n<section class=\"av_textblock_section \"  itemscope=\"itemscope\" itemtype=\"https:\/\/schema.org\/CreativeWork\" ><div class='avia_textblock  '   itemprop=\"text\" ><h5>Univ.-Prof. f\u00fcr Blockfl\u00f6te<\/h5>\n<\/div><\/section><br \/>\n<div style='height:20px' class='hr hr-invisible   avia-builder-el-6  el_after_av_textblock  el_before_av_textblock  '><span class='hr-inner ' ><span class='hr-inner-style'><\/span><\/span><\/div><br \/>\n<section class=\"av_textblock_section \"  itemscope=\"itemscope\" itemtype=\"https:\/\/schema.org\/CreativeWork\" ><div class='avia_textblock  '   itemprop=\"text\" ><p>Carsten Eckert ist heute einer der vielseitigsten und gefragtesten Blockfl\u00f6tisten. Seine st\u00e4ndige \u201eWanderschaft\u201c zwischen der sogenannten historischen Auff\u00fchrungspraxis und der Musik des 20. und 21. Jahrhunderts bietet dem Blockfl\u00f6tisten Carsten Eckert eine F\u00fclle an Inspirationsquellen f\u00fcr eine leidenschaftliche Musikvermittlung sowohl als gefragter Solist und Kammermusiker auf den internationalen Konzertb\u00fchnen als auch als Dozent an den verschiedenen p\u00e4dagogischen Institutionen, wie der Hochschule der K\u00fcnste Bern, der Staatlichen Hochschule f\u00fcr Musik Trossingen und als Gastdozent beispielsweise an der Fryderyk Chopin University of Music, Warszawa, der Ukrainian National Academy of Music in Kiew und dem Moscow State Conservatory P. I. Tchaikovsky.<br \/>\nIm Herbst 2012 wurde er als Professor an die Universit\u00e4t f\u00fcr Musik und darstellende Kunst in Wien berufen.<\/p>\n<p>Nach seinen Studien an der Universit\u00e4t der K\u00fcnste Berlin und an der Amsterdamse Hogeschool voor de Kunsten trat der Preistr\u00e4ger des Deutschen Hochschulwettbewerbes, des Concours Nicati f\u00fcr zeitgen\u00f6ssische Musik und anderer Wettbewerbe in zahlreichen St\u00e4dten Europas, Asiens, Nord- und S\u00fcdamerikas auf und konzertiert unter anderem in der Berliner Philharmonie, im Theater an der Wien, in der Philharmonie Kiew und auf vielen anderen B\u00fchnen mit seinem Ensemble THE THEATRE OF THE EARS, mit den Swiss Baroque Soloists, dem Ensemble Il pomo d\u2019oro, Il Complesso Barrocco, dem Ensemble Oriol Berlin, der Akademie f\u00fcr Alte Musik Berlin, den Berliner Philharmoniker, der Camerata Bern, dem Bach-Consort Moskau, den Kammersolisten Kiew u. a. m. bei zahlreichen Festivals f\u00fcr Alte Musik und Neue Musik. In den vergangenen Jahren wurde er wiederholt nach Osteuropa und Asien eingeladen, was unter anderem zu einer Konzertreise nach China und zu mehrfacher Zusammenarbeit mit verschiedenen Moskauer Barockensembles f\u00fchrte.<\/p>\n<p>Gerade in den letzten Jahren wurde Carsten Eckert mehrfach von Ensembles und Orchestern als k\u00fcnstlerischer Leiter angefragt. So dirigierte er u. a. in Bern, Biel und Z\u00fcrich eine bei Publikum und Presse hoch gelobte Produktion der Barockoper \u201eGiulio Cesare in Egitto&#8220; von G. F. H\u00e4ndel und in einer anderen Produktion Ausz\u00fcge aus J. P. Rameaus Oper \u201ePlat\u00e9e\u201c.<br \/>\nCD-Produktionen, Fernseh- und Rundfunkaufnahmen zeugen von seinen k\u00fcnstlerischen Aktivit\u00e4ten.<\/p>\n<\/div><\/section><\/p><\/div><div class=\"flex_column av_one_full  flex_column_div av-zero-column-padding first  avia-builder-el-8  el_after_av_one_full  avia-builder-el-last  column-top-margin\" style='border-radius:0px; '><div class='avia-buttonrow-wrap avia-buttonrow-right   avia-builder-el-9  avia-builder-el-no-sibling  '>\n<a href='https:\/\/online.mdw.ac.at\/mdw_online\/visitenkarte.show_vcard?pPersonenId=6C40CDAAC7FE4E1B&pPersonenGruppe=3'  class='avia-button  avia-icon_select-no avia-color-theme-color avia-size-small '  target=\"_blank\"  style='margin-bottom:5px; margin-left:5px; ' ><span class='avia_iconbox_title' >Visitenkarte<\/span><\/a>\n<a href='https:\/\/online.mdw.ac.at\/mdw_online\/wblvangebot.wbshowlvoffer?ppersonnr=26047'  class='avia-button  avia-icon_select-no avia-color-theme-color avia-size-small '  target=\"_blank\"  style='margin-bottom:5px; margin-left:5px; ' ><span class='avia_iconbox_title' >Lehrveranstaltungen<\/span><\/a>\n<\/div><\/div><\/p>\n","protected":false},"excerpt":{"rendered":"","protected":false},"author":1,"featured_media":0,"parent":257,"menu_order":0,"comment_status":"closed","ping_status":"closed","template":"","meta":{"_price":"","_stock":"","_tribe_ticket_header":"","_tribe_default_ticket_provider":"","_tribe_ticket_capacity":"","_ticket_start_date":"","_ticket_end_date":"","_tribe_ticket_show_description":"","_tribe_ticket_show_not_going":false,"_tribe_ticket_use_global_stock":"","_tribe_ticket_global_stock_level":"","_global_stock_mode":"","_global_stock_cap":"","_tribe_rsvp_for_event":"","_tribe_ticket_going_count":"","_tribe_ticket_not_going_count":"","_tribe_tickets_list":"[]","_tribe_ticket_has_attendee_info_fields":false,"footnotes":""},"class_list":["post-242","page","type-page","status-publish","hentry"],"_links":{"self":[{"href":"https:\/\/mdw.ac.at\/altemusik\/wp-json\/wp\/v2\/pages\/242","targetHints":{"allow":["GET"]}}],"collection":[{"href":"https:\/\/mdw.ac.at\/altemusik\/wp-json\/wp\/v2\/pages"}],"about":[{"href":"https:\/\/mdw.ac.at\/altemusik\/wp-json\/wp\/v2\/types\/page"}],"author":[{"embeddable":true,"href":"https:\/\/mdw.ac.at\/altemusik\/wp-json\/wp\/v2\/users\/1"}],"replies":[{"embeddable":true,"href":"https:\/\/mdw.ac.at\/altemusik\/wp-json\/wp\/v2\/comments?post=242"}],"version-history":[{"count":20,"href":"https:\/\/mdw.ac.at\/altemusik\/wp-json\/wp\/v2\/pages\/242\/revisions"}],"predecessor-version":[{"id":18935,"href":"https:\/\/mdw.ac.at\/altemusik\/wp-json\/wp\/v2\/pages\/242\/revisions\/18935"}],"up":[{"embeddable":true,"href":"https:\/\/mdw.ac.at\/altemusik\/wp-json\/wp\/v2\/pages\/257"}],"wp:attachment":[{"href":"https:\/\/mdw.ac.at\/altemusik\/wp-json\/wp\/v2\/media?parent=242"}],"curies":[{"name":"wp","href":"https:\/\/api.w.org\/{rel}","templated":true}]}}