{"id":308,"date":"2019-07-08T13:52:18","date_gmt":"2019-07-08T11:52:18","guid":{"rendered":"https:\/\/www.mdw.ac.at\/altemusik\/?page_id=308"},"modified":"2026-03-08T12:33:35","modified_gmt":"2026-03-08T11:33:35","slug":"michael-schade","status":"publish","type":"page","link":"https:\/\/mdw.ac.at\/altemusik\/lehrende\/michael-schade\/","title":{"rendered":"Michael SCHADE"},"content":{"rendered":"<div class=\"flex_column av_two_fifth  flex_column_div av-zero-column-padding first  avia-builder-el-0  el_before_av_three_fifth  avia-builder-el-first  \" style='border-radius:0px; '><div class='avia-image-container  av-styling-  av-has-copyright av-copyright-icon-reveal   avia-builder-el-1  avia-builder-el-no-sibling   avia-align-center '  itemprop=\"image\" itemscope=\"itemscope\" itemtype=\"https:\/\/schema.org\/ImageObject\"  ><div class='avia-image-container-inner'><div class='avia-image-overlay-wrap'><a href=\"https:\/\/mdw.ac.at\/altemusik\/blog2\/wp-content\/uploads\/2019\/07\/Michael-Schade_2_\u00a9-Lukas-Beck-5-686x1030.jpg\" class='avia_image'   data-rel=\"lightbox-image-0\" data-rl_title=\"\" data-rl_caption=\"\"><img class='avia_image ' src='https:\/\/mdw.ac.at\/altemusik\/blog2\/wp-content\/uploads\/2019\/07\/Michael-Schade_2_\u00a9-Lukas-Beck-5-686x1030.jpg' alt='' title=''  itemprop=\"thumbnailUrl\"  \/><\/a><\/div><small class='avia-copyright'>@ Lukas Beck<\/small><\/div><\/div><\/div>\n<div class=\"flex_column av_three_fifth  flex_column_div av-zero-column-padding   avia-builder-el-2  el_after_av_two_fifth  el_before_av_one_full  \" style='border-radius:0px; '><section class=\"av_textblock_section \"  itemscope=\"itemscope\" itemtype=\"https:\/\/schema.org\/CreativeWork\" ><div class='avia_textblock  '   itemprop=\"text\" ><h2>Michael Schade<\/h2>\n<\/div><\/section><br \/>\n<section class=\"av_textblock_section \"  itemscope=\"itemscope\" itemtype=\"https:\/\/schema.org\/CreativeWork\" ><div class='avia_textblock  '   itemprop=\"text\" ><h5>Univ.-Prof. f\u00fcr Gesang Alte Musik<\/h5>\n<\/div><\/section><br \/>\n<div style='height:20px' class='hr hr-invisible   avia-builder-el-5  el_after_av_textblock  el_before_av_textblock  '><span class='hr-inner ' ><span class='hr-inner-style'><\/span><\/span><\/div><br \/>\n<section class=\"av_textblock_section \"  itemscope=\"itemscope\" itemtype=\"https:\/\/schema.org\/CreativeWork\" ><div class='avia_textblock  '   itemprop=\"text\" ><p>Gefeiert als einer der f\u00fchrenden Ten\u00f6re unserer Zeit, ist der Deutsch-Kanadier Michael Schade regelm\u00e4\u00dfig an den wichtigsten Opernb\u00fchnen und Konzerth\u00e4usern zu erleben. Er gastierte beim Verbier, Lucerne, Grafenegg und Glyndebourne Festival, den Salzburger Festspielen, der Berliner und Hamburgischen Staatsoper, der Metropolitan Opera und der Canadian Opera Company. Eine enge Zusammenarbeit verbindet ihn mit der Wiener Staatsoper, wo er in allen Mozart- und Strauss-Partien seines Fachs zu h\u00f6ren war.<\/p>\n<p>Dar\u00fcberhinaus widmet sich Michael Schade intensiv der Konzertliteratur und dem Liedgesang. Er arbeitet mit den renommiertesten Orchestern wie den Wiener und Berliner und New Yorker Philharmonikern, dem Royal Concertgebouw Orchestra, dem Cleveland Orchestra sowie den Symphonieorchestern von Toronto, Montreal und Boston unter Dirigenten wie Bolton, Bychkov, Chailly, Gergiev, Harding, Jansons, Jordan, Luisi, Mehta, Muti, Nagano, Rattle, Thielemann, Ticciati, Welser- M\u00f6st und Young zusammen. Seine musikalische T\u00e4tigkeit war stark gepr\u00e4gt von einer Vielzahl an Auftritten mit Nikolaus Harnoncourt.<\/p>\n<p>Als Lieds\u00e4nger wurde der K\u00fcnstler bei den wichtigsten Veranstaltern wie u.a. im Wiener Musikverein, Konzerthaus und in der Staatsoper, im Amsterdamer Concertgebouw, in der New Yorker Alice Tully Hall und Carnegie Hall, in der Londoner Wigmore Hall, beim Verbier Festival, bei der Schubertiade Schwarzenberg, sowie beim Grafenegg Festival gefeiert.<\/p>\n<p>Michael Schade hat eine Vielzahl von CDs vorgelegt, wobei sein breites Repertoire von Bachs Passionen bis zu Mahlers Lied von der Erde reicht.<br \/>\n2007 wurde dem K\u00fcnstler der Titel \u00d6sterreichischer Kammers\u00e4nger verliehen. Michael Schade ist k\u00fcnstlerischer Leiter der Hapag-Lloyd Stella Maris Vocal Competition und der Internationalen Barocktage Stift Melk. Seit 2017 ist Michael Schade &#8222;Officer to the Order of Canada (OC)&#8220;.<\/p>\n<\/div><\/section><\/p><\/div><div class=\"flex_column av_one_full  flex_column_div av-zero-column-padding first  avia-builder-el-7  el_after_av_three_fifth  avia-builder-el-last  \" style='border-radius:0px; '><div class='avia-buttonrow-wrap avia-buttonrow-right   avia-builder-el-8  avia-builder-el-no-sibling  '>\n<a href='https:\/\/online.mdw.ac.at\/mdw_online\/visitenkarte.show_vcard?pPersonenId=A08FA254773ECDE2&pPersonenGruppe=3'  class='avia-button  avia-icon_select-no avia-color-theme-color avia-size-small '  target=\"_blank\"  style='margin-bottom:5px; margin-left:5px; ' ><span class='avia_iconbox_title' >Visitenkarte<\/span><\/a>\n<a href='https:\/\/online.mdw.ac.at\/mdw_online\/wblvangebot.wbshowlvoffer?ppersonnr=33668'  class='avia-button  avia-icon_select-no avia-color-theme-color avia-size-small '  target=\"_blank\"  style='margin-bottom:5px; margin-left:5px; ' ><span class='avia_iconbox_title' >Lehrveranstaltungen<\/span><\/a>\n<\/div><\/div><\/p>\n","protected":false},"excerpt":{"rendered":"","protected":false},"author":1,"featured_media":0,"parent":257,"menu_order":0,"comment_status":"closed","ping_status":"closed","template":"","meta":{"_price":"","_stock":"","_tribe_ticket_header":"","_tribe_default_ticket_provider":"","_tribe_ticket_capacity":"","_ticket_start_date":"","_ticket_end_date":"","_tribe_ticket_show_description":"","_tribe_ticket_show_not_going":false,"_tribe_ticket_use_global_stock":"","_tribe_ticket_global_stock_level":"","_global_stock_mode":"","_global_stock_cap":"","_tribe_rsvp_for_event":"","_tribe_ticket_going_count":"","_tribe_ticket_not_going_count":"","_tribe_tickets_list":"[]","_tribe_ticket_has_attendee_info_fields":false,"footnotes":""},"class_list":["post-308","page","type-page","status-publish","hentry"],"_links":{"self":[{"href":"https:\/\/mdw.ac.at\/altemusik\/wp-json\/wp\/v2\/pages\/308","targetHints":{"allow":["GET"]}}],"collection":[{"href":"https:\/\/mdw.ac.at\/altemusik\/wp-json\/wp\/v2\/pages"}],"about":[{"href":"https:\/\/mdw.ac.at\/altemusik\/wp-json\/wp\/v2\/types\/page"}],"author":[{"embeddable":true,"href":"https:\/\/mdw.ac.at\/altemusik\/wp-json\/wp\/v2\/users\/1"}],"replies":[{"embeddable":true,"href":"https:\/\/mdw.ac.at\/altemusik\/wp-json\/wp\/v2\/comments?post=308"}],"version-history":[{"count":12,"href":"https:\/\/mdw.ac.at\/altemusik\/wp-json\/wp\/v2\/pages\/308\/revisions"}],"predecessor-version":[{"id":18878,"href":"https:\/\/mdw.ac.at\/altemusik\/wp-json\/wp\/v2\/pages\/308\/revisions\/18878"}],"up":[{"embeddable":true,"href":"https:\/\/mdw.ac.at\/altemusik\/wp-json\/wp\/v2\/pages\/257"}],"wp:attachment":[{"href":"https:\/\/mdw.ac.at\/altemusik\/wp-json\/wp\/v2\/media?parent=308"}],"curies":[{"name":"wp","href":"https:\/\/api.w.org\/{rel}","templated":true}]}}