{"id":362,"date":"2019-07-08T14:21:44","date_gmt":"2019-07-08T12:21:44","guid":{"rendered":"https:\/\/www.mdw.ac.at\/altemusik\/?page_id=362"},"modified":"2026-03-17T14:55:31","modified_gmt":"2026-03-17T13:55:31","slug":"katharina-lugmayr","status":"publish","type":"page","link":"https:\/\/mdw.ac.at\/altemusik\/lehrende\/katharina-lugmayr\/","title":{"rendered":"Katharina LUGMAYR (Inst. 18)"},"content":{"rendered":"<div class=\"flex_column av_two_fifth  flex_column_div av-zero-column-padding first  avia-builder-el-0  el_before_av_three_fifth  avia-builder-el-first  \" style='border-radius:0px; '><div class='avia-image-container  av-styling-  av-has-copyright av-copyright-icon-reveal   avia-builder-el-1  avia-builder-el-no-sibling   avia-align-center '  itemprop=\"image\" itemscope=\"itemscope\" itemtype=\"https:\/\/schema.org\/ImageObject\"  ><div class='avia-image-container-inner'><div class='avia-image-overlay-wrap'><img class='avia_image' src='https:\/\/mdw.ac.at\/altemusik\/blog2\/wp-content\/uploads\/2025\/11\/IMG_3060-1-scaled.jpeg' alt='' title='IMG_3060' height=\"2560\" width=\"1707\"  itemprop=\"thumbnailUrl\"  \/><\/div><small class='avia-copyright'>\u00a9Viktor Br\u00e1zdil<\/small><\/div><\/div><\/div>\n<div class=\"flex_column av_three_fifth  flex_column_div av-zero-column-padding   avia-builder-el-2  el_after_av_two_fifth  el_before_av_one_full  \" style='border-radius:0px; '><section class=\"av_textblock_section \"  itemscope=\"itemscope\" itemtype=\"https:\/\/schema.org\/CreativeWork\" ><div class='avia_textblock  '   itemprop=\"text\" ><h2>Katharina Lugmayr (Inst. 18)<\/h2>\n<h4>Univ. Prof. f\u00fcr Blockfl\u00f6te<\/h4>\n<\/div><\/section><br \/>\n<section class=\"av_textblock_section \"  itemscope=\"itemscope\" itemtype=\"https:\/\/schema.org\/CreativeWork\" ><div class='avia_textblock  '   itemprop=\"text\" ><h5>Blockfl\u00f6tenconsort<\/h5>\n<\/div><\/section><br \/>\n<div style='height:20px' class='hr hr-invisible   avia-builder-el-5  el_after_av_textblock  el_before_av_textblock  '><span class='hr-inner ' ><span class='hr-inner-style'><\/span><\/span><\/div><br \/>\n<section class=\"av_textblock_section \"  itemscope=\"itemscope\" itemtype=\"https:\/\/schema.org\/CreativeWork\" ><div class='avia_textblock  '   itemprop=\"text\" ><p>Katharina Lugmayr studierte Blockfl\u00f6te an der Hochschule f\u00fcr Musik und darstellende Kunst in Wien bei Hans Maria Kneihs und an der Musikhochschule Z\u00fcrich bei Matthias Weilenmann als Stipendiatin der Eidgen\u00f6ssischen Stipendienkommission.<\/p>\n<p>Sie trat u.a. als Solistin mit dem Wiener Kammerorchester, dem Mozarteumorchester unter Frans Br\u00fcggen bei den Salzburger Festspielen, mit der Wiener Akademie, dem Concentus Musicus Wien, Cantus Coelln und dem Ensemble Claudiana beim Bach-Kantaten-Zyklus im Wiener Konzerthaus auf. Sie ist Gr\u00fcndungsmitglied des <i>Ensembles Mikado<\/i>, das 2004 Gewinner der \u201eInternational Young Artist\u00b4s Presentation \u2013 Early Music\u201c in Antwerpen war und regelm\u00e4\u00dfig bei renommierten Festivals in ganz Europa auftrat, sowie Mitglied des Ensembles\u00a0<i>Voces Spontane<\/i>, das sich ausschlie\u00dflich mit freier Improvisation besch\u00e4ftigt.<\/p>\n<p>Seit 1998 unterrichtet Katharina Lugmayr an der Universit\u00e4t f\u00fcr Musik und darstellende Kunst Wien sowie an der Musikschule Wien. 2011\/12 war sie Gastprofessorin an der Kunstuniversit\u00e4t Graz und ist laufend als Jurorin bei Wettbewerben und als Gastdozentin bei verschieden Meisterkursen t\u00e4tig.<\/p>\n<\/div><\/section><\/p><\/div><div class=\"flex_column av_one_full  flex_column_div av-zero-column-padding first  avia-builder-el-7  el_after_av_three_fifth  avia-builder-el-last  \" style='border-radius:0px; '><div class='avia-buttonrow-wrap avia-buttonrow-right   avia-builder-el-8  avia-builder-el-no-sibling  '>\n<a href='https:\/\/online.mdw.ac.at\/mdw_online\/visitenkarte.show_vcard?pPersonenId=151A52232EEA5CB1&pPersonenGruppe=3'  class='avia-button  avia-icon_select-no avia-color-theme-color avia-size-small '  target=\"_blank\"  style='margin-bottom:5px; margin-left:5px; ' ><span class='avia_iconbox_title' >Visitenkarte<\/span><\/a>\n<a href='https:\/\/online.mdw.ac.at\/mdw_online\/wblvangebot.wbshowlvoffer?ppersonnr=17089'  class='avia-button  avia-icon_select-no avia-color-theme-color avia-size-small '  target=\"_blank\"  style='margin-bottom:5px; margin-left:5px; ' ><span class='avia_iconbox_title' >Lehrveranstaltungen<\/span><\/a>\n<\/div><\/div><\/p>\n","protected":false},"excerpt":{"rendered":"","protected":false},"author":1,"featured_media":0,"parent":257,"menu_order":0,"comment_status":"closed","ping_status":"closed","template":"","meta":{"_price":"","_stock":"","_tribe_ticket_header":"","_tribe_default_ticket_provider":"","_tribe_ticket_capacity":"","_ticket_start_date":"","_ticket_end_date":"","_tribe_ticket_show_description":"","_tribe_ticket_show_not_going":false,"_tribe_ticket_use_global_stock":"","_tribe_ticket_global_stock_level":"","_global_stock_mode":"","_global_stock_cap":"","_tribe_rsvp_for_event":"","_tribe_ticket_going_count":"","_tribe_ticket_not_going_count":"","_tribe_tickets_list":"[]","_tribe_ticket_has_attendee_info_fields":false,"footnotes":""},"class_list":["post-362","page","type-page","status-publish","hentry"],"_links":{"self":[{"href":"https:\/\/mdw.ac.at\/altemusik\/wp-json\/wp\/v2\/pages\/362","targetHints":{"allow":["GET"]}}],"collection":[{"href":"https:\/\/mdw.ac.at\/altemusik\/wp-json\/wp\/v2\/pages"}],"about":[{"href":"https:\/\/mdw.ac.at\/altemusik\/wp-json\/wp\/v2\/types\/page"}],"author":[{"embeddable":true,"href":"https:\/\/mdw.ac.at\/altemusik\/wp-json\/wp\/v2\/users\/1"}],"replies":[{"embeddable":true,"href":"https:\/\/mdw.ac.at\/altemusik\/wp-json\/wp\/v2\/comments?post=362"}],"version-history":[{"count":25,"href":"https:\/\/mdw.ac.at\/altemusik\/wp-json\/wp\/v2\/pages\/362\/revisions"}],"predecessor-version":[{"id":19007,"href":"https:\/\/mdw.ac.at\/altemusik\/wp-json\/wp\/v2\/pages\/362\/revisions\/19007"}],"up":[{"embeddable":true,"href":"https:\/\/mdw.ac.at\/altemusik\/wp-json\/wp\/v2\/pages\/257"}],"wp:attachment":[{"href":"https:\/\/mdw.ac.at\/altemusik\/wp-json\/wp\/v2\/media?parent=362"}],"curies":[{"name":"wp","href":"https:\/\/api.w.org\/{rel}","templated":true}]}}

<div class="flex_column av_two_fifth  flex_column_div av-zero-column-padding first  avia-builder-el-0  el_before_av_three_fifth  avia-builder-el-first  " style='border-radius:0px; '><div class='avia-image-container  av-styling-  av-has-copyright av-copyright-icon-reveal   avia-builder-el-1  avia-builder-el-no-sibling   avia-align-center '  itemprop="image" itemscope="itemscope" itemtype="https://schema.org/ImageObject"  ><div class='avia-image-container-inner'><div class='avia-image-overlay-wrap'><img class='avia_image' src='https://mdw.ac.at/altemusik/blog2/wp-content/uploads/2025/11/IMG_3060-1-scaled.jpeg' alt='' title='IMG_3060' height="2560" width="1707"  itemprop="thumbnailUrl"  /></div><small class='avia-copyright'>©Viktor Brázdil</small></div></div></div>
<div class="flex_column av_three_fifth  flex_column_div av-zero-column-padding   avia-builder-el-2  el_after_av_two_fifth  el_before_av_one_full  " style='border-radius:0px; '><section class="av_textblock_section "  itemscope="itemscope" itemtype="https://schema.org/CreativeWork" ><div class='avia_textblock  '   itemprop="text" ><h2>Katharina Lugmayr (Inst. 18)</h2>
<h4>Univ. Prof. für Blockflöte</h4>
</div></section><br />
<section class="av_textblock_section "  itemscope="itemscope" itemtype="https://schema.org/CreativeWork" ><div class='avia_textblock  '   itemprop="text" ><h5>Blockflötenconsort</h5>
</div></section><br />
<div style='height:20px' class='hr hr-invisible   avia-builder-el-5  el_after_av_textblock  el_before_av_textblock  '><span class='hr-inner ' ><span class='hr-inner-style'></span></span></div><br />
<section class="av_textblock_section "  itemscope="itemscope" itemtype="https://schema.org/CreativeWork" ><div class='avia_textblock  '   itemprop="text" ><p>Katharina Lugmayr studierte Blockflöte an der Hochschule für Musik und darstellende Kunst in Wien bei Hans Maria Kneihs und an der Musikhochschule Zürich bei Matthias Weilenmann als Stipendiatin der Eidgenössischen Stipendienkommission.</p>
<p>Sie trat u.a. als Solistin mit dem Wiener Kammerorchester, dem Mozarteumorchester unter Frans Brüggen bei den Salzburger Festspielen, mit der Wiener Akademie, dem Concentus Musicus Wien, Cantus Coelln und dem Ensemble Claudiana beim Bach-Kantaten-Zyklus im Wiener Konzerthaus auf. Sie ist Gründungsmitglied des <i>Ensembles Mikado</i>, das 2004 Gewinner der „International Young Artist´s Presentation – Early Music“ in Antwerpen war und regelmäßig bei renommierten Festivals in ganz Europa auftrat, sowie Mitglied des Ensembles <i>Voces Spontane</i>, das sich ausschließlich mit freier Improvisation beschäftigt.</p>
<p>Seit 1998 unterrichtet Katharina Lugmayr an der Universität für Musik und darstellende Kunst Wien sowie an der Musikschule Wien. 2011/12 war sie Gastprofessorin an der Kunstuniversität Graz und ist laufend als Jurorin bei Wettbewerben und als Gastdozentin bei verschieden Meisterkursen tätig.</p>
</div></section></p></div><div class="flex_column av_one_full  flex_column_div av-zero-column-padding first  avia-builder-el-7  el_after_av_three_fifth  avia-builder-el-last  " style='border-radius:0px; '><div class='avia-buttonrow-wrap avia-buttonrow-right   avia-builder-el-8  avia-builder-el-no-sibling  '>
<a href='https://online.mdw.ac.at/mdw_online/visitenkarte.show_vcard?pPersonenId=151A52232EEA5CB1&pPersonenGruppe=3'  class='avia-button  avia-icon_select-no avia-color-theme-color avia-size-small '  target="_blank"  style='margin-bottom:5px; margin-left:5px; ' ><span class='avia_iconbox_title' >Visitenkarte</span></a>
<a href='https://online.mdw.ac.at/mdw_online/wblvangebot.wbshowlvoffer?ppersonnr=17089'  class='avia-button  avia-icon_select-no avia-color-theme-color avia-size-small '  target="_blank"  style='margin-bottom:5px; margin-left:5px; ' ><span class='avia_iconbox_title' >Lehrveranstaltungen</span></a>
</div></div></p>
