{"id":4699,"date":"2019-09-11T12:42:13","date_gmt":"2019-09-11T10:42:13","guid":{"rendered":"https:\/\/mdw.ac.at\/altemusik\/?page_id=4699"},"modified":"2023-06-21T11:09:12","modified_gmt":"2023-06-21T09:09:12","slug":"elisabeth-wirth","status":"publish","type":"page","link":"https:\/\/mdw.ac.at\/altemusik\/lehrende\/elisabeth-wirth\/","title":{"rendered":"Elisabeth WIRTH"},"content":{"rendered":"<div class=\"flex_column av_two_third  flex_column_div av-zero-column-padding first  avia-builder-el-0  el_before_av_one_third  avia-builder-el-first  \" style='border-radius:0px; '><div class='avia-image-container  av-styling-  av-has-copyright av-copyright-icon-reveal   avia-builder-el-1  avia-builder-el-no-sibling   avia-align-center '  itemprop=\"image\" itemscope=\"itemscope\" itemtype=\"https:\/\/schema.org\/ImageObject\"  ><div class='avia-image-container-inner'><div class='avia-image-overlay-wrap'><img class='avia_image' src='https:\/\/mdw.ac.at\/altemusik\/blog2\/wp-content\/uploads\/2019\/09\/4C984665-4613-43C1-8691-D1BA4C242EF6-1030x731.jpeg' alt='' title='Elisabeth Wirth' height=\"731\" width=\"1030\"  itemprop=\"thumbnailUrl\"  \/><\/div><small class='avia-copyright'>Andr\u00e9 Hinderlich<\/small><\/div><\/div><\/div>\n<div class=\"flex_column av_one_third  flex_column_div av-zero-column-padding   avia-builder-el-2  el_after_av_two_third  el_before_av_one_full  \" style='border-radius:0px; '><\/div>\n<div class=\"flex_column av_one_full  flex_column_div av-zero-column-padding first  avia-builder-el-3  el_after_av_one_third  el_before_av_one_full  column-top-margin\" style='border-radius:0px; '><section class=\"av_textblock_section \"  itemscope=\"itemscope\" itemtype=\"https:\/\/schema.org\/CreativeWork\" ><div class='avia_textblock  '   itemprop=\"text\" ><h2>Elisabeth Wirth<\/h2>\n<\/div><\/section><br \/>\n<div style='height:20px' class='hr hr-invisible   avia-builder-el-5  el_after_av_textblock  el_before_av_textblock  '><span class='hr-inner ' ><span class='hr-inner-style'><\/span><\/span><\/div><br \/>\n<section class=\"av_textblock_section \"  itemscope=\"itemscope\" itemtype=\"https:\/\/schema.org\/CreativeWork\" ><div class='avia_textblock  '   itemprop=\"text\" ><p>Elisabeth Wirth schloss ihr Masterstudium Blockfl\u00f6te an der Universit\u00e4t Mozarteum Salzburg mit besonderer Auszeichnung ab. Zu ihren Lehrern z\u00e4hlten Gerd L\u00fcnenb\u00fcrger und Christoph Huntgeburth im Rahmen eines studienvorbereitenden Lehrgangs an der Universit\u00e4t der K\u00fcnste Berlin. Sowohl das Bachelor- sowie das Masterstudium absolvierte sie bei Dorothee Oberlinger am Mozarteum. Wesentliche Impulse f\u00fcr ihr Spiel erhielt sie auf Meisterkursen unter anderem bei Walter van Hauwe, Kees Boeke, Paul Leenhouts, Han Tol, Vittorio Ghielmi und Erik Bosgraaf. Neben ihrer blockfl\u00f6tistischen Ausbildung nimmt Elisabeth Gamben- und Gesangsunterricht und singt im preisgekr\u00f6nten Jugendchor \u00bbDie Primaner\u00ab unter Dirigent Jan Olberg in Berlin. Elisabeth Wirth konzertiert als Solistin und Kammermusikerin mit K\u00fcnstlern wie Dorothee Oberlinger, Vittorio Ghielmi, Andreas Scholl, Nils M\u00f6nkemeyer, Enrico Onofri oder Reinhard Goebel, dem Ensemble Suonar parlante, dem Ensemble 1700 oder den M\u00fcnchner Philharmonikern unter der Leitung von Valery Gergiev.<\/p>\n<p>Das von ihr gegr\u00fcndete Alte-Musik-Ensemble Fontana di Musica wurde 2012 mit einem Stipendium des Deutschen Musikrates ausgezeichnet und erhielt den Publikumspreis beim Biago-Marini-Wettbewerb in Neuburg an der Donau. Im M\u00e4rz 2017 erreichte sie in der erstmalig ausgeschriebenen Kategorie \u00bbBlockfl\u00f6te Solo\u00ab des Deutschen Musikwettbewerbs die 3. Runde und erhielt ein Stipendium, verbunden mit der Aufnahme in die Agentur Bundesauswahl Junger K\u00fcnstler.<\/p>\n<\/div><\/section><\/p><\/div>\n<div class=\"flex_column av_one_full  flex_column_div av-zero-column-padding first  avia-builder-el-7  el_after_av_one_full  avia-builder-el-last  column-top-margin\" style='border-radius:0px; '><div class='avia-buttonrow-wrap avia-buttonrow-right   avia-builder-el-8  avia-builder-el-no-sibling  '>\n<a href='https:\/\/online.mdw.ac.at\/mdw_online\/visitenkarte.show_vcard?pPersonenId=6588357ED0A151AA&pPersonenGruppe=3'  class='avia-button  avia-icon_select-no avia-color-theme-color avia-size-small '  target=\"_blank\"  style='margin-bottom:5px; margin-left:5px; ' ><span class='avia_iconbox_title' >Visitenkarte<\/span><\/a>\n<\/div><\/div>\n","protected":false},"excerpt":{"rendered":"","protected":false},"author":1,"featured_media":0,"parent":257,"menu_order":0,"comment_status":"closed","ping_status":"closed","template":"","meta":{"_price":"","_stock":"","_tribe_ticket_header":"","_tribe_default_ticket_provider":"","_tribe_ticket_capacity":"","_ticket_start_date":"","_ticket_end_date":"","_tribe_ticket_show_description":"","_tribe_ticket_show_not_going":false,"_tribe_ticket_use_global_stock":"","_tribe_ticket_global_stock_level":"","_global_stock_mode":"","_global_stock_cap":"","_tribe_rsvp_for_event":"","_tribe_ticket_going_count":"","_tribe_ticket_not_going_count":"","_tribe_tickets_list":"[]","_tribe_ticket_has_attendee_info_fields":false,"footnotes":""},"class_list":["post-4699","page","type-page","status-publish","hentry"],"_links":{"self":[{"href":"https:\/\/mdw.ac.at\/altemusik\/wp-json\/wp\/v2\/pages\/4699","targetHints":{"allow":["GET"]}}],"collection":[{"href":"https:\/\/mdw.ac.at\/altemusik\/wp-json\/wp\/v2\/pages"}],"about":[{"href":"https:\/\/mdw.ac.at\/altemusik\/wp-json\/wp\/v2\/types\/page"}],"author":[{"embeddable":true,"href":"https:\/\/mdw.ac.at\/altemusik\/wp-json\/wp\/v2\/users\/1"}],"replies":[{"embeddable":true,"href":"https:\/\/mdw.ac.at\/altemusik\/wp-json\/wp\/v2\/comments?post=4699"}],"version-history":[{"count":8,"href":"https:\/\/mdw.ac.at\/altemusik\/wp-json\/wp\/v2\/pages\/4699\/revisions"}],"predecessor-version":[{"id":13805,"href":"https:\/\/mdw.ac.at\/altemusik\/wp-json\/wp\/v2\/pages\/4699\/revisions\/13805"}],"up":[{"embeddable":true,"href":"https:\/\/mdw.ac.at\/altemusik\/wp-json\/wp\/v2\/pages\/257"}],"wp:attachment":[{"href":"https:\/\/mdw.ac.at\/altemusik\/wp-json\/wp\/v2\/media?parent=4699"}],"curies":[{"name":"wp","href":"https:\/\/api.w.org\/{rel}","templated":true}]}}