{"id":6777,"date":"2020-03-23T18:33:50","date_gmt":"2020-03-23T17:33:50","guid":{"rendered":"https:\/\/mdw.ac.at\/altemusik\/?page_id=6777"},"modified":"2026-03-08T11:31:15","modified_gmt":"2026-03-08T10:31:15","slug":"schwerpunkt","status":"publish","type":"page","link":"https:\/\/mdw.ac.at\/altemusik\/studien\/schwerpunkt-profil\/schwerpunkt\/","title":{"rendered":"Alte Musik im Instrumentalstudium"},"content":{"rendered":"<section class=\"av_textblock_section \"  itemscope=\"itemscope\" itemtype=\"https:\/\/schema.org\/CreativeWork\" ><div class='avia_textblock  '   itemprop=\"text\" ><h2>Alte Musik im Instrumentalstudium<\/h2>\n<\/div><\/section>\n<div class=\"flex_column av_three_fifth  flex_column_div av-zero-column-padding first  avia-builder-el-1  el_after_av_textblock  el_before_av_hr  column-top-margin\" style='border-radius:0px; '><div class='avia-image-container  av-styling-    avia-builder-el-2  avia-builder-el-no-sibling   avia-align-left '  itemprop=\"image\" itemscope=\"itemscope\" itemtype=\"https:\/\/schema.org\/ImageObject\"  ><div class='avia-image-container-inner'><div class='avia-image-overlay-wrap'><img class='avia_image' src='https:\/\/mdw.ac.at\/altemusik\/blog2\/wp-content\/uploads\/2025\/09\/AMI-Eroeffnung-by-Theresa-Pewal-209-1-1030x687-1-300x200.jpg' alt='' title='AMI-Er\u00f6ffnung-by-Theresa-Pewal-209-1-1030x687' height=\"200\" width=\"300\"  itemprop=\"thumbnailUrl\"  \/><\/div><\/div><\/div><\/div>\n<div  class='hr hr-default   avia-builder-el-3  el_after_av_three_fifth  el_before_av_one_full '><span class='hr-inner ' ><span class='hr-inner-style'><\/span><\/span><\/div>\n<div class=\"flex_column av_one_full  flex_column_div av-zero-column-padding first  avia-builder-el-4  el_after_av_hr  el_before_av_hr  \" style='border-radius:0px; '><div class='avia-button-wrap avia-button-center  avia-builder-el-5  avia-builder-el-no-sibling  '><a href='https:\/\/mdw.ac.at\/altemusik\/blog2\/wp-content\/uploads\/2026\/02\/Alte-Musik-im-Instrumentalstudium-26S-v3-web.pdf'  class='avia-button   avia-icon_select-no avia-color-theme-color avia-size-medium avia-position-center '  target=\"_blank\"   ><span class='avia_iconbox_title' > PDF-Brosch\u00fcre herunterladen<\/span><\/a><\/div><\/div><div  class='hr hr-default   avia-builder-el-6  el_after_av_one_full  el_before_av_one_full '><span class='hr-inner ' ><span class='hr-inner-style'><\/span><\/span><\/div><\/p>\n<div class=\"flex_column av_one_full  flex_column_div av-zero-column-padding first  avia-builder-el-7  el_after_av_hr  el_before_av_one_full  \" style='border-radius:0px; '><section class=\"av_textblock_section \"  itemscope=\"itemscope\" itemtype=\"https:\/\/schema.org\/CreativeWork\" ><div class='avia_textblock  '   itemprop=\"text\" ><p>Die BA- und MA-Studien (IGP und Konzertfach) bieten verschiedene M\u00f6glichkeiten, sich intensiv mit historischen Instrumenten und Auff\u00fchrungspraxis des 17. bis 19. Jahrhunderts zu besch\u00e4ftigen. <a href=\"https:\/\/mdw.ac.at\/altemusik\/blog2\/wp-content\/uploads\/2026\/02\/Alte-Musik-im-Instrumentalstudium-26S-v3-web.pdf\"><strong>Informationen in der PDF-Brosch\u00fcre.<\/strong><\/a><\/p>\n<p>Dazu z\u00e4hlt Einzel- oder Gruppenunterricht auf dem historischen Instrument, aber auch Kammermusik, Barockorchester, historischer Tanz oder theoretische F\u00e4cher. Je nach Verf\u00fcgbarkeit sind folgende historische Instrumente w\u00e4hlbar:<\/p>\n<ul>\n<li>Barockvioline, Barockviola, Barockcello, Viola da gamba, Viola d\u2019amore<\/li>\n<li>Traversfl\u00f6te, Barockoboe\/klassische Oboe, Blockfl\u00f6te, Barockfagott\/Dulzian, historische Klarinette\/Chalumeau<\/li>\n<li>Barockposaune, Barocktrompete, Naturhorn<\/li>\n<li>Barockgitarre\/Vihuela, Laute\/Theorbe, Cembalo, Hammerklavier<\/li>\n<\/ul>\n<p>Die verschiedenen Institute der mdw verf\u00fcgen \u00fcber einen Pool an historischen Instrumenten bzw. Nachbauten zur Ausleihe (nach <u>Verf\u00fcgbarkeit<\/u>!).<\/p>\n<p><strong>Wichtig: <\/strong>Bitte melden Sie sich bei Interesse <em>rechtzeitig<\/em> am Institut f\u00fcr Alte Musik \u2013 Kontakt siehe R\u00fcckseite!<\/p>\n<ul>\n<li>Einige Studien haben <u>fr\u00fchzeitige<\/u> Anmelde-Termine f\u00fcr ein Vorspiel &#038; Eignungsgespr\u00e4ch.<\/li>\n<li>Eine rechtzeitige Kontaktaufnahme gibt Ihnen die M\u00f6glichkeit, Informationen einzuholen. (Empfehlenswert: Ein Semester vorher anfragen!)<\/li>\n<li>Die Verf\u00fcgbarkeit der Lehrenden (KE\/KG) ist zu kl\u00e4ren.<\/li>\n<li>Die Verf\u00fcgbarkeit eines (Leih-)Instruments muss rechtzeitig gekl\u00e4rt werden, falls kein eigenes Instrument vorhanden ist.<\/li>\n<li>Kurze E-Mail an: <a href=\"mailto:altemusik@mdw.ac.at\">altemusik@mdw.ac.at<\/a><\/li>\n<\/ul>\n<h2><strong>Studieng\u00e4nge mit Alte Musik-Optionen<\/strong><\/h2>\n<p><strong>Bachelor-Studium<\/strong><\/p>\n<ul>\n<li>Instrumental Konzertfach [25W]<\/li>\n<li>IGP Instrumental\/Gesang [21W, 24W]<\/li>\n<li>Klavier Konzertfach [23W, 25W]<\/li>\n<li>Klavier-Kammermusik [17W]<\/li>\n<li>Konzertfach Liedgestaltung Klavier [24W]<\/li>\n<\/ul>\n<p><strong>Master-Studium<\/strong><\/p>\n<ul>\n<li>Instrumental Konzertfach [25W]<\/li>\n<li>IGP Instrumental\/Gesang [19W]<\/li>\n<li>Klavier Konzertfach [18W, 25W]<\/li>\n<li>Konzertfach Liedgestaltung Klavier [24W]<\/li>\n<\/ul>\n<p><strong>Diplomstudium<\/strong><\/p>\n<ul>\n<li>Instrumental Konzertfach [19W, auslaufend ]<\/li>\n<\/ul>\n<p><strong>Historisches Instrument als Wahlfach <\/strong>[f\u00fcr alle Studien]<\/p>\n<ul>\n<li>Bei Interesse bitte nachfragen am Institut f\u00fcr Alte Musik!<\/li>\n<\/ul>\n<h2><strong>Wahlfach-Empfehlungen<\/strong><\/h2>\n<p>Als sinnvolle Erg\u00e4nzung f\u00fcr Schwerpunkt und Profil empfehlen wir u.a. folgende Wahlf\u00e4cher:<\/p>\n<ul>\n<li>Historischer Tanz 1,2 (UE \u00b7 2 Credits)<\/li>\n<li>Historische Auff\u00fchrungspraxis 3,4 (SE \u00b7 3 Credits), nach Verf\u00fcgbarkeit<\/li>\n<li>Stilgebundene Improvisation und Verzierung 1,2 (KG \u00b7 2 Credits)<\/li>\n<li>Musikgeschichte Ausgew\u00e4hlte Kapitel (SE \u00b7 2 Credits)<\/li>\n<li>(Spezifische Themen des 17. und 18. Jhs.)<\/li>\n<li>Quellenkunde und Edition (PS \u00b7 3 Credits)<\/li>\n<li>Auff\u00fchrungspraxis Klassische und Romantische Kammermusik (mit Clive Brown) WF (UE \u00b7 2 Credits) \u2013 Changing Performing Practices from Haydn to Brahms: Reading between the Lines of the Notation<\/li>\n<\/ul>\n<\/div><\/section><\/div>\n<div class=\"flex_column av_one_full  flex_column_div av-zero-column-padding first  avia-builder-el-9  el_after_av_one_full  el_before_av_one_full  column-top-margin\" style='border-radius:0px; '><div class='avia-button-wrap avia-button-center  avia-builder-el-10  avia-builder-el-no-sibling  '><a href='https:\/\/mdw.ac.at\/altemusik\/blog2\/wp-content\/uploads\/2026\/02\/Alte-Musik-im-Instrumentalstudium-26S-v3-web.pdf'  class='avia-button   avia-icon_select-no avia-color-theme-color avia-size-medium avia-position-center '  target=\"_blank\"   ><span class='avia_iconbox_title' > PDF-Brosch\u00fcre herunterladen<\/span><\/a><\/div><\/div>\n<div class=\"flex_column av_one_full  flex_column_div av-zero-column-padding first  avia-builder-el-11  el_after_av_one_full  avia-builder-el-last  column-top-margin\" style='border-radius:0px; '><section class=\"av_textblock_section \"  itemscope=\"itemscope\" itemtype=\"https:\/\/schema.org\/CreativeWork\" ><div class='avia_textblock  '   itemprop=\"text\" ><h2><strong>Kontaktieren Sie uns!<\/strong><\/h2>\n<ul>\n<li>Bei Fragen haben zu: SP Alte Musik, Erweiterndes historisches Instrument, Profil Historisch informierte Interpretationspraxis, Modul oder Wahlfach Historisches Instrument &#038; Cembalo-Korrepetition etc.<\/li>\n<li>Wenn Sie sich f\u00fcr Schwerpunkt, zkF-Erweiterung, Profil oder Wahlfach anmelden wollen.<\/li>\n<li>F\u00fcr Informationen zu den historischen Leih-Instrumenten.<\/li>\n<\/ul>\n<\/div><\/section><\/div>\n","protected":false},"excerpt":{"rendered":"","protected":false},"author":1,"featured_media":0,"parent":13904,"menu_order":0,"comment_status":"closed","ping_status":"closed","template":"","meta":{"_price":"","_stock":"","_tribe_ticket_header":"","_tribe_default_ticket_provider":"","_tribe_ticket_capacity":"","_ticket_start_date":"","_ticket_end_date":"","_tribe_ticket_show_description":"","_tribe_ticket_show_not_going":false,"_tribe_ticket_use_global_stock":"","_tribe_ticket_global_stock_level":"","_global_stock_mode":"","_global_stock_cap":"","_tribe_rsvp_for_event":"","_tribe_ticket_going_count":"","_tribe_ticket_not_going_count":"","_tribe_tickets_list":"[]","_tribe_ticket_has_attendee_info_fields":false,"footnotes":""},"class_list":["post-6777","page","type-page","status-publish","hentry"],"_links":{"self":[{"href":"https:\/\/mdw.ac.at\/altemusik\/wp-json\/wp\/v2\/pages\/6777","targetHints":{"allow":["GET"]}}],"collection":[{"href":"https:\/\/mdw.ac.at\/altemusik\/wp-json\/wp\/v2\/pages"}],"about":[{"href":"https:\/\/mdw.ac.at\/altemusik\/wp-json\/wp\/v2\/types\/page"}],"author":[{"embeddable":true,"href":"https:\/\/mdw.ac.at\/altemusik\/wp-json\/wp\/v2\/users\/1"}],"replies":[{"embeddable":true,"href":"https:\/\/mdw.ac.at\/altemusik\/wp-json\/wp\/v2\/comments?post=6777"}],"version-history":[{"count":80,"href":"https:\/\/mdw.ac.at\/altemusik\/wp-json\/wp\/v2\/pages\/6777\/revisions"}],"predecessor-version":[{"id":18838,"href":"https:\/\/mdw.ac.at\/altemusik\/wp-json\/wp\/v2\/pages\/6777\/revisions\/18838"}],"up":[{"embeddable":true,"href":"https:\/\/mdw.ac.at\/altemusik\/wp-json\/wp\/v2\/pages\/13904"}],"wp:attachment":[{"href":"https:\/\/mdw.ac.at\/altemusik\/wp-json\/wp\/v2\/media?parent=6777"}],"curies":[{"name":"wp","href":"https:\/\/api.w.org\/{rel}","templated":true}]}}