{"id":19106,"date":"2026-04-09T10:10:46","date_gmt":"2026-04-09T08:10:46","guid":{"rendered":"https:\/\/mdw.ac.at\/altemusik\/?post_type=tribe_events&#038;p=19106"},"modified":"2026-04-26T18:49:07","modified_gmt":"2026-04-26T16:49:07","slug":"maimusik-aufforderung-zum-tanze","status":"publish","type":"tribe_events","link":"https:\/\/mdw.ac.at\/altemusik\/event\/maimusik-aufforderung-zum-tanze\/","title":{"rendered":"MAIMUSIK | Aufforderung zum Tanze"},"content":{"rendered":"<h2><strong>Aufforderung zum Tanze<\/strong><\/h2>\n<p>Anl\u00e4sslich des 200. Todestages von Carl Maria von Weber wird ein ganzes Konzert seinen bedeutendsten und au\u00dfergew\u00f6hnlichsten Werken gewidmet.<\/p>\n<p>&nbsp;<\/p>\n<div>Carl Maria von Weber (* 1786 in Eutin; \u2020 1826 in London)<\/div>\n<div><strong>Sonate f\u00fcr Klavier und Violine<\/strong>, op.10 (b). Nr. 2<\/div>\n<div><em>Carattere espagnuolo. Moderato \u2013 Adagio \u2013 Air Polonais. Rondo Allegro<\/em><\/div>\n<div>Anna Pederielli, <em>Violine<\/em><br \/>\nJuliana Zhao, <em>Hammerfl\u00fcgel<\/em><\/div>\n<div><\/div>\n<div>Michael haydn (* 1737 in Rohrau; \u2020 1806 in Salzburg)<\/div>\n<div><strong>Klavierst\u00fcck in Es-Dur<\/strong>, MH 468<\/div>\n<div>Stefano Coco, <em>Hammerfl\u00fcgel<\/em><\/div>\n<div><\/div>\n<div>Carl Maria von Weber<\/div>\n<div>aus <em>Der Freisch\u00fctz<\/em>, op. 77<\/div>\n<div><strong>\u201eEinst tr\u00e4umte meiner sel\u2019gen Base\u201c<\/strong><\/div>\n<div>Megumi Sakai, <em>Sopran<\/em><br \/>\nRisa Shimizu, <em>Hammerfl\u00fcgel<\/em><\/div>\n<div><\/div>\n<div><strong>Aufforderung zum Tanze<\/strong>, op.65<\/div>\n<div>Yinqi Wang, <em>Hammerklavier<\/em><\/div>\n<div><\/div>\n<div><strong>Trio f\u00fcr Fl\u00f6te, Violoncello und Klavier<\/strong>, op.63<\/div>\n<div><em>Allegro moderato \u2013 Scherzo. Allegro vivace \u2013 Sch\u00e4fers Klage. Andante espressivo \u2013 Finale. Allegro<\/em><\/div>\n<div>Daniel Wolf, <em>Klappenfl\u00f6te<\/em><br \/>\nLisa Braun, <em>Violoncello<\/em><\/div>\n<div>Benedikt Holter, <em>Hammerfl\u00fcgel<\/em><\/div>\n<div><\/div>\n<div>\n<p>Konzert ohne Pause.<\/p>\n<p>Der Eintritt zu diesem Konzert ist frei! \u00dcber eine freiwillige Spende zur Deckung der Unkosten w\u00fcrden wir uns sehr freuen.<\/p>\n<\/div>\n","protected":false},"excerpt":{"rendered":"<p>Aufforderung zum Tanze Anl\u00e4sslich des 200. Todestages von Carl Maria von Weber wird ein ganzes Konzert seinen bedeutendsten und au\u00dfergew\u00f6hnlichsten Werken gewidmet. &nbsp; Carl Maria von Weber (* 1786 in [&hellip;]<\/p>\n","protected":false},"author":18,"featured_media":19115,"template":"","meta":{"_price":"","_stock":"","_tribe_ticket_header":"","_tribe_default_ticket_provider":"TEC\\Tickets\\Commerce\\Module","_tribe_ticket_capacity":"0","_ticket_start_date":"","_ticket_end_date":"","_tribe_ticket_show_description":"","_tribe_ticket_show_not_going":false,"_tribe_ticket_use_global_stock":"","_tribe_ticket_global_stock_level":"","_global_stock_mode":"","_global_stock_cap":"","_tribe_rsvp_for_event":"","_tribe_ticket_going_count":"","_tribe_ticket_not_going_count":"","_tribe_tickets_list":"[]","_tribe_ticket_has_attendee_info_fields":false,"_tribe_events_status":"","_tribe_events_status_reason":"","_tribe_events_is_hybrid":"","_tribe_events_is_virtual":"","_tribe_events_virtual_video_source":"","_tribe_events_virtual_embed_video":"","_tribe_events_virtual_linked_button_text":"","_tribe_events_virtual_linked_button":"","_tribe_events_virtual_show_embed_at":"","_tribe_events_virtual_show_embed_to":[],"_tribe_events_virtual_show_on_event":"","_tribe_events_virtual_show_on_views":"","_tribe_events_virtual_url":"","footnotes":"","_tec_slr_enabled":"","_tec_slr_layout":""},"tags":[],"tribe_events_cat":[735,166],"class_list":["post-19106","tribe_events","type-tribe_events","status-publish","has-post-thumbnail","hentry","tribe_events_cat-maimusik-2026","tribe_events_cat-offentlich","cat_maimusik-2026","cat_offentlich"],"ticketed":false,"_links":{"self":[{"href":"https:\/\/mdw.ac.at\/altemusik\/wp-json\/wp\/v2\/tribe_events\/19106","targetHints":{"allow":["GET"]}}],"collection":[{"href":"https:\/\/mdw.ac.at\/altemusik\/wp-json\/wp\/v2\/tribe_events"}],"about":[{"href":"https:\/\/mdw.ac.at\/altemusik\/wp-json\/wp\/v2\/types\/tribe_events"}],"author":[{"embeddable":true,"href":"https:\/\/mdw.ac.at\/altemusik\/wp-json\/wp\/v2\/users\/18"}],"version-history":[{"count":3,"href":"https:\/\/mdw.ac.at\/altemusik\/wp-json\/wp\/v2\/tribe_events\/19106\/revisions"}],"predecessor-version":[{"id":19307,"href":"https:\/\/mdw.ac.at\/altemusik\/wp-json\/wp\/v2\/tribe_events\/19106\/revisions\/19307"}],"wp:featuredmedia":[{"embeddable":true,"href":"https:\/\/mdw.ac.at\/altemusik\/wp-json\/wp\/v2\/media\/19115"}],"wp:attachment":[{"href":"https:\/\/mdw.ac.at\/altemusik\/wp-json\/wp\/v2\/media?parent=19106"}],"wp:term":[{"taxonomy":"post_tag","embeddable":true,"href":"https:\/\/mdw.ac.at\/altemusik\/wp-json\/wp\/v2\/tags?post=19106"},{"taxonomy":"tribe_events_cat","embeddable":true,"href":"https:\/\/mdw.ac.at\/altemusik\/wp-json\/wp\/v2\/tribe_events_cat?post=19106"}],"curies":[{"name":"wp","href":"https:\/\/api.w.org\/{rel}","templated":true}]}}

<h2><strong>Aufforderung zum Tanze</strong></h2>
<p>Anlässlich des 200. Todestages von Carl Maria von Weber wird ein ganzes Konzert seinen bedeutendsten und außergewöhnlichsten Werken gewidmet.</p>
<p>&nbsp;</p>
<div>Carl Maria von Weber (* 1786 in Eutin; † 1826 in London)</div>
<div><strong>Sonate für Klavier und Violine</strong>, op.10 (b). Nr. 2</div>
<div><em>Carattere espagnuolo. Moderato – Adagio – Air Polonais. Rondo Allegro</em></div>
<div>Anna Pederielli, <em>Violine</em><br />
Juliana Zhao, <em>Hammerflügel</em></div>
<div></div>
<div>Michael haydn (* 1737 in Rohrau; † 1806 in Salzburg)</div>
<div><strong>Klavierstück in Es-Dur</strong>, MH 468</div>
<div>Stefano Coco, <em>Hammerflügel</em></div>
<div></div>
<div>Carl Maria von Weber</div>
<div>aus <em>Der Freischütz</em>, op. 77</div>
<div><strong>„Einst träumte meiner sel’gen Base“</strong></div>
<div>Megumi Sakai, <em>Sopran</em><br />
Risa Shimizu, <em>Hammerflügel</em></div>
<div></div>
<div><strong>Aufforderung zum Tanze</strong>, op.65</div>
<div>Yinqi Wang, <em>Hammerklavier</em></div>
<div></div>
<div><strong>Trio für Flöte, Violoncello und Klavier</strong>, op.63</div>
<div><em>Allegro moderato – Scherzo. Allegro vivace – Schäfers Klage. Andante espressivo – Finale. Allegro</em></div>
<div>Daniel Wolf, <em>Klappenflöte</em><br />
Lisa Braun, <em>Violoncello</em></div>
<div>Benedikt Holter, <em>Hammerflügel</em></div>
<div></div>
<div>
<p>Konzert ohne Pause.</p>
<p>Der Eintritt zu diesem Konzert ist frei! Über eine freiwillige Spende zur Deckung der Unkosten würden wir uns sehr freuen.</p>
</div>

<p>Aufforderung zum Tanze Anlässlich des 200. Todestages von Carl Maria von Weber wird ein ganzes Konzert seinen bedeutendsten und außergewöhnlichsten Werken gewidmet. &nbsp; Carl Maria von Weber (* 1786 in [&hellip;]</p>
